Last updated on 2022-08-13 12:55:28 CEST.
Flavor | Version | Tinstall | Tcheck | Ttotal | Status | Flags |
---|---|---|---|---|---|---|
r-devel-linux-x86_64-debian-clang | 1.1.8 | 14.68 | 114.08 | 128.76 | OK | |
r-devel-linux-x86_64-debian-gcc | 1.1.8 | 12.46 | 84.05 | 96.51 | OK | |
r-devel-linux-x86_64-fedora-clang | 1.1.8 | 149.79 | NOTE | |||
r-devel-linux-x86_64-fedora-gcc | 1.1.8 | 149.75 | OK | |||
r-devel-windows-x86_64 | 1.1.8 | 122.00 | 150.00 | 272.00 | NOTE | |
r-patched-linux-x86_64 | 1.1.8 | 12.81 | 108.42 | 121.23 | OK | |
r-release-linux-x86_64 | 1.1.8 | 11.31 | 108.65 | 119.96 | OK | |
r-release-macos-arm64 | 1.1.8 | 51.00 | NOTE | |||
r-release-macos-x86_64 | 1.1.8 | 72.00 | NOTE | |||
r-release-windows-x86_64 | 1.1.8 | 103.00 | 293.00 | 396.00 | NOTE | |
r-oldrel-macos-arm64 | 1.1.8 | 53.00 | NOTE | |||
r-oldrel-macos-x86_64 | 1.1.8 | 72.00 | NOTE | |||
r-oldrel-windows-ix86+x86_64 | 1.1.8 | 32.00 | 365.00 | 397.00 | NOTE |
Version: 1.1.8
Check: installed package size
Result: NOTE
installed size is 6.9Mb
sub-directories of 1Mb or more:
doc 1.4Mb
shinyapp 3.4Mb
Flavors: r-devel-linux-x86_64-fedora-clang, r-devel-windows-x86_64, r-release-macos-arm64, r-release-macos-x86_64, r-release-windows-x86_64, r-oldrel-macos-arm64, r-oldrel-macos-x86_64, r-oldrel-windows-ix86+x86_64