CRAN Package Check Results for Package TSdisaggregation

Last updated on 2022-09-25 12:56:11 CEST.

Flavor Version Tinstall Tcheck Ttotal Status Flags
r-devel-linux-x86_64-debian-clang 2.0.0 6.59 70.04 76.63 NOTE
r-devel-linux-x86_64-debian-gcc 2.0.0 8.25 53.66 61.91 NOTE
r-devel-linux-x86_64-fedora-clang 2.0.0 104.35 NOTE
r-devel-linux-x86_64-fedora-gcc 2.0.0 108.86 NOTE
r-devel-windows-x86_64 2.0.0 31.00 142.00 173.00 NOTE
r-patched-linux-x86_64 2.0.0 8.53 67.53 76.06 OK
r-release-linux-x86_64 2.0.0 7.55 67.41 74.96 OK
r-release-macos-arm64 2.0.0 33.00 OK
r-release-macos-x86_64 2.0.0 47.00 OK
r-release-windows-x86_64 2.0.0 29.00 142.00 171.00 OK
r-oldrel-macos-arm64 2.0.0 32.00 OK
r-oldrel-macos-x86_64 2.0.0 43.00 OK
r-oldrel-windows-ix86+x86_64 2.0.0 18.00 95.00 113.00 OK

Check Details

Version: 2.0.0
Check: Rd files
Result: NOTE
    checkRd: (-1) TempDisaggDGP.Rd:79: Escaped LaTeX specials: \&
    checkRd: (-1) disaggregate.Rd:56: Escaped LaTeX specials: \&
Flavors: r-devel-linux-x86_64-debian-clang, r-devel-linux-x86_64-debian-gcc, r-devel-linux-x86_64-fedora-clang, r-devel-linux-x86_64-fedora-gcc, r-devel-windows-x86_64