CRAN Package Check Results for Package TREXr

Last updated on 2022-10-03 12:53:26 CEST.

Flavor Version Tinstall Tcheck Ttotal Status Flags
r-devel-linux-x86_64-debian-clang 1.0.0 14.44 72.21 86.65 OK
r-devel-linux-x86_64-debian-gcc 1.0.0 12.04 54.27 66.31 OK
r-devel-linux-x86_64-fedora-clang 1.0.0 131.35 NOTE
r-devel-linux-x86_64-fedora-gcc 1.0.0 122.29 NOTE
r-devel-windows-x86_64 1.0.0 29.00 177.00 206.00 OK
r-patched-linux-x86_64 1.0.0 13.50 68.70 82.20 OK
r-release-linux-x86_64 1.0.0 12.39 67.11 79.50 OK
r-release-macos-arm64 1.0.0 29.00 NOTE
r-release-macos-x86_64 1.0.0 52.00 NOTE
r-release-windows-x86_64 1.0.0 26.00 87.00 113.00 OK
r-oldrel-macos-arm64 1.0.0 35.00 NOTE
r-oldrel-macos-x86_64 1.0.0 46.00 NOTE
r-oldrel-windows-ix86+x86_64 1.0.0 27.00 206.00 233.00 OK

Additional issues

donttest

Check Details

Version: 1.0.0
Check: dependencies in R code
Result: NOTE
    Namespaces in Imports field not imported from:
     ‘boot’ ‘chron’ ‘randtoolbox’
     All declared Imports should be used.
Flavors: r-devel-linux-x86_64-fedora-clang, r-devel-linux-x86_64-fedora-gcc, r-release-macos-arm64, r-release-macos-x86_64, r-oldrel-macos-arm64, r-oldrel-macos-x86_64