CRAN Package Check Results for Package Superpower

Last updated on 2022-10-03 12:53:25 CEST.

Flavor Version Tinstall Tcheck Ttotal Status Flags
r-devel-linux-x86_64-debian-clang 0.2.0 21.69 379.49 401.18 OK
r-devel-linux-x86_64-debian-gcc 0.2.0 14.46 278.09 292.55 OK
r-devel-linux-x86_64-fedora-clang 0.2.0 494.80 NOTE
r-devel-linux-x86_64-fedora-gcc 0.2.0 485.65 NOTE
r-devel-windows-x86_64 0.2.0 58.00 548.00 606.00 OK
r-patched-linux-x86_64 0.2.0 24.35 352.64 376.99 OK
r-release-linux-x86_64 0.2.0 14.93 358.81 373.74 OK
r-release-macos-arm64 0.2.0 105.00 NOTE
r-release-macos-x86_64 0.2.0 176.00 NOTE
r-release-windows-x86_64 0.2.0 62.00 720.00 782.00 OK
r-oldrel-macos-arm64 0.2.0 95.00 NOTE
r-oldrel-macos-x86_64 0.2.0 186.00 NOTE
r-oldrel-windows-ix86+x86_64 0.2.0 40.00 702.00 742.00 OK

Check Details

Version: 0.2.0
Check: dependencies in R code
Result: NOTE
    Namespaces in Imports field not imported from:
     ‘gridExtra’ ‘mvtnorm’
     All declared Imports should be used.
Flavors: r-devel-linux-x86_64-fedora-clang, r-devel-linux-x86_64-fedora-gcc, r-release-macos-arm64, r-release-macos-x86_64, r-oldrel-macos-arm64, r-oldrel-macos-x86_64