CRAN Package Check Results for Package Signac

Last updated on 2022-08-06 12:57:32 CEST.

Flavor Version Tinstall Tcheck Ttotal Status Flags
r-devel-linux-x86_64-debian-clang 1.7.0 85.23 404.97 490.20 OK
r-devel-linux-x86_64-debian-gcc 1.7.0 71.26 302.86 374.12 OK
r-devel-linux-x86_64-fedora-clang 1.7.0 647.31 NOTE
r-devel-linux-x86_64-fedora-gcc 1.7.0 595.36 OK
r-devel-windows-x86_64 1.7.0 129.00 444.00 573.00 OK
r-patched-linux-x86_64 1.7.0 83.94 379.88 463.82 OK
r-release-linux-x86_64 1.7.0 55.33 380.16 435.49 OK
r-release-macos-arm64 1.7.0 148.00 NOTE
r-release-macos-x86_64 1.7.0 205.00 OK
r-release-windows-x86_64 1.7.0 130.00 455.00 585.00 OK
r-oldrel-macos-arm64 1.7.0 6.00 ERROR
r-oldrel-macos-x86_64 1.7.0 8.00 ERROR
r-oldrel-windows-ix86+x86_64 1.7.0 194.00 604.00 798.00 OK

Check Details

Version: 1.7.0
Check: package dependencies
Result: NOTE
    Imports includes 24 non-default packages.
    Importing from so many packages makes the package vulnerable to any of
    them becoming unavailable. Move as many as possible to Suggests and
    use conditionally.
Flavor: r-devel-linux-x86_64-fedora-clang

Version: 1.7.0
Check: package dependencies
Result: NOTE
    Packages suggested but not available for checking:
     'chromVAR', 'TFBSTools', 'motifmatchr'
Flavor: r-release-macos-arm64

Version: 1.7.0
Check: Rd cross-references
Result: NOTE
    Packages unavailable to check Rd xrefs: ‘TFBSTools’, ‘motifmatchr’, ‘chromVAR’
Flavor: r-release-macos-arm64

Version: 1.7.0
Check: package dependencies
Result: ERROR
    Package required and available but unsuitable version: ‘GenomeInfoDb’
    
    Packages suggested but not available for checking:
     'chromVAR', 'TFBSTools', 'motifmatchr'
    
    See section ‘The DESCRIPTION file’ in the ‘Writing R Extensions’
    manual.
Flavor: r-oldrel-macos-arm64

Version: 1.7.0
Check: package dependencies
Result: ERROR
    Package required and available but unsuitable version: ‘GenomeInfoDb’
    
    See section ‘The DESCRIPTION file’ in the ‘Writing R Extensions’
    manual.
Flavor: r-oldrel-macos-x86_64