Last updated on 2022-08-06 12:57:33 CEST.
Flavor | Version | Tinstall | Tcheck | Ttotal | Status | Flags |
---|---|---|---|---|---|---|
r-devel-linux-x86_64-debian-clang | 0.2.8 | 60.03 | 588.39 | 648.42 | OK | |
r-devel-linux-x86_64-debian-gcc | 0.2.8 | 45.98 | 429.76 | 475.74 | OK | |
r-devel-linux-x86_64-fedora-clang | 0.2.8 | 734.71 | NOTE | |||
r-devel-linux-x86_64-fedora-gcc | 0.2.8 | 749.04 | NOTE | |||
r-devel-windows-x86_64 | 0.2.8 | 67.00 | 624.00 | 691.00 | OK | |
r-patched-linux-x86_64 | 0.2.8 | 52.51 | 550.85 | 603.36 | OK | |
r-release-linux-x86_64 | 0.2.8 | 38.11 | 556.26 | 594.37 | OK | |
r-release-macos-arm64 | 0.2.8 | 180.00 | NOTE | |||
r-release-macos-x86_64 | 0.2.8 | 310.00 | NOTE | |||
r-release-windows-x86_64 | 0.2.8 | 67.00 | 619.00 | 686.00 | OK | |
r-oldrel-macos-arm64 | 0.2.8 | 153.00 | NOTE | |||
r-oldrel-macos-x86_64 | 0.2.8 | 241.00 | NOTE | |||
r-oldrel-windows-ix86+x86_64 | 0.2.8 | 111.00 | 644.00 | 755.00 | OK |
Version: 0.2.8
Check: dependencies in R code
Result: NOTE
Namespace in Imports field not imported from: ‘shinyFiles’
All declared Imports should be used.
Flavors: r-devel-linux-x86_64-fedora-clang, r-devel-linux-x86_64-fedora-gcc, r-release-macos-arm64, r-release-macos-x86_64, r-oldrel-macos-arm64, r-oldrel-macos-x86_64