CRAN Package Check Results for Package SLICER

Last updated on 2021-10-21 12:58:16 CEST.

Flavor Version Tinstall Tcheck Ttotal Status Flags
r-devel-linux-x86_64-debian-clang 0.2.0 11.44 103.11 114.55 OK
r-devel-linux-x86_64-debian-gcc 0.2.0 9.54 78.34 87.88 OK
r-devel-linux-x86_64-fedora-clang 0.2.0 149.29 OK
r-devel-linux-x86_64-fedora-gcc 0.2.0 131.65 OK
r-devel-windows-x86_64 0.2.0 18.00 127.00 145.00 OK
r-devel-windows-x86_64-gcc10-UCRT 0.2.0 ERROR
r-patched-linux-x86_64 0.2.0 9.24 95.91 105.15 OK
r-patched-solaris-x86 0.2.0 209.50 OK
r-release-linux-x86_64 0.2.0 11.13 96.15 107.28 OK
r-release-macos-arm64 0.2.0 OK
r-release-macos-x86_64 0.2.0 OK
r-release-windows-ix86+x86_64 0.2.0 27.00 123.00 150.00 OK
r-oldrel-macos-x86_64 0.2.0 OK
r-oldrel-windows-ix86+x86_64 0.2.0 29.00 128.00 157.00 OK

Check Details

Version: 0.2.0
Check: package dependencies
Result: ERROR
    Package required but not available: 'igraph'
    
    See section 'The DESCRIPTION file' in the 'Writing R Extensions'
    manual.
Flavor: r-devel-windows-x86_64-gcc10-UCRT