CRAN Package Check Results for Package SEMgraph

Last updated on 2022-10-03 12:53:23 CEST.

Flavor Version Tinstall Tcheck Ttotal Status Flags
r-devel-linux-x86_64-debian-clang 1.1.2 18.16 145.81 163.97 OK
r-devel-linux-x86_64-debian-gcc 1.1.2 13.12 110.29 123.41 OK
r-devel-linux-x86_64-fedora-clang 1.1.2 222.86 OK
r-devel-linux-x86_64-fedora-gcc 1.1.2 216.53 OK
r-devel-windows-x86_64 1.1.2 65.00 194.00 259.00 OK
r-patched-linux-x86_64 1.1.2 22.72 141.44 164.16 OK
r-release-linux-x86_64 1.1.2 13.97 138.54 152.51 OK
r-release-macos-arm64 1.1.2 58.00 OK
r-release-macos-x86_64 1.1.2 79.00 OK
r-release-windows-x86_64 1.1.2 71.00 189.00 260.00 OK
r-oldrel-macos-arm64 1.1.2 56.00 OK
r-oldrel-macos-x86_64 1.1.2 12.00 ERROR
r-oldrel-windows-ix86+x86_64 1.1.2 33.00 181.00 214.00 OK

Check Details

Version: 1.1.2
Check: package dependencies
Result: ERROR
    Package required and available but unsuitable version: ‘RBGL’
    
    See section ‘The DESCRIPTION file’ in the ‘Writing R Extensions’
    manual.
Flavor: r-oldrel-macos-x86_64