CRAN Package Check Results for Package SEMID

Last updated on 2021-10-21 12:58:15 CEST.

Flavor Version Tinstall Tcheck Ttotal Status Flags
r-devel-linux-x86_64-debian-clang 0.3.2 5.63 133.71 139.34 OK
r-devel-linux-x86_64-debian-gcc 0.3.2 4.00 100.93 104.93 OK
r-devel-linux-x86_64-fedora-clang 0.3.2 171.62 OK
r-devel-linux-x86_64-fedora-gcc 0.3.2 162.27 OK
r-devel-windows-x86_64 0.3.2 12.00 165.00 177.00 OK
r-devel-windows-x86_64-gcc10-UCRT 0.3.2 ERROR
r-patched-linux-x86_64 0.3.2 6.83 128.01 134.84 OK
r-patched-solaris-x86 0.3.2 211.20 OK
r-release-linux-x86_64 0.3.2 4.73 129.46 134.19 OK
r-release-macos-arm64 0.3.2 OK
r-release-macos-x86_64 0.3.2 OK
r-release-windows-ix86+x86_64 0.3.2 8.00 166.00 174.00 OK
r-oldrel-macos-x86_64 0.3.2 OK
r-oldrel-windows-ix86+x86_64 0.3.2 11.00 167.00 178.00 OK

Check Details

Version: 0.3.2
Check: package dependencies
Result: ERROR
    Package required but not available: 'igraph'
    
    See section 'The DESCRIPTION file' in the 'Writing R Extensions'
    manual.
Flavor: r-devel-windows-x86_64-gcc10-UCRT