Last updated on 2022-08-16 12:53:12 CEST.
Flavor | Version | Tinstall | Tcheck | Ttotal | Status | Flags |
---|---|---|---|---|---|---|
r-devel-linux-x86_64-debian-clang | 1.4.0 | 232.98 | 224.08 | 457.06 | OK | |
r-devel-linux-x86_64-debian-gcc | 1.4.0 | 188.98 | 165.75 | 354.73 | OK | |
r-devel-linux-x86_64-fedora-clang | 1.4.0 | 568.17 | NOTE | |||
r-devel-linux-x86_64-fedora-gcc | 1.4.0 | 633.05 | OK | |||
r-devel-windows-x86_64 | 1.4.0 | 193.00 | 292.00 | 485.00 | OK | |
r-patched-linux-x86_64 | 1.4.0 | 197.74 | 204.30 | 402.04 | OK | |
r-release-linux-x86_64 | 1.4.0 | 192.21 | 208.29 | 400.50 | OK | |
r-release-macos-arm64 | 1.4.0 | 153.00 | NOTE | |||
r-release-macos-x86_64 | 1.4.0 | 181.00 | NOTE | |||
r-release-windows-x86_64 | 1.4.0 | 202.00 | 288.00 | 490.00 | OK | |
r-oldrel-macos-arm64 | 1.4.0 | 154.00 | NOTE | |||
r-oldrel-macos-x86_64 | 1.4.0 | 180.00 | NOTE | |||
r-oldrel-windows-ix86+x86_64 | 1.4.0 | 423.00 | 330.00 | 753.00 | NOTE |
Version: 1.4.0
Check: installed package size
Result: NOTE
installed size is 6.1Mb
sub-directories of 1Mb or more:
R 1.3Mb
libs 4.3Mb
Flavors: r-devel-linux-x86_64-fedora-clang, r-release-macos-arm64, r-release-macos-x86_64, r-oldrel-macos-arm64, r-oldrel-macos-x86_64, r-oldrel-windows-ix86+x86_64