CRAN Package Check Results for Package Ryacas

Last updated on 2021-10-22 12:59:28 CEST.

Flavor Version Tinstall Tcheck Ttotal Status Flags
r-devel-linux-x86_64-debian-clang 1.1.3.1 96.28 87.96 184.24 OK
r-devel-linux-x86_64-debian-gcc 1.1.3.1 75.79 66.28 142.07 OK
r-devel-linux-x86_64-fedora-clang 1.1.3.1 293.07 NOTE
r-devel-linux-x86_64-fedora-gcc 1.1.3.1 260.26 OK
r-devel-windows-x86_64 1.1.3.1 139.00 149.00 288.00 NOTE
r-devel-windows-x86_64-gcc10-UCRT 1.1.3.1 NOTE
r-patched-linux-x86_64 1.1.3.1 91.55 96.71 188.26 OK
r-patched-solaris-x86 1.1.3.1 220.00 OK
r-release-linux-x86_64 1.1.3.1 91.32 95.25 186.57 OK
r-release-macos-arm64 1.1.3.1 NOTE
r-release-macos-x86_64 1.1.3.1 NOTE
r-release-windows-ix86+x86_64 1.1.3.1 217.00 185.00 402.00 NOTE
r-oldrel-macos-x86_64 1.1.3.1 NOTE
r-oldrel-windows-ix86+x86_64 1.1.3.1 272.00 184.00 456.00 NOTE

Check Details

Version: 1.1.3.1
Check: installed package size
Result: NOTE
     installed size is 8.8Mb
     sub-directories of 1Mb or more:
     libs 6.6Mb
     yacas 1.6Mb
Flavors: r-devel-linux-x86_64-fedora-clang, r-release-macos-arm64, r-release-macos-x86_64, r-oldrel-macos-x86_64

Version: 1.1.3.1
Check: package dependencies
Result: NOTE
    Package suggested but not available for checking: 'unix'
Flavors: r-devel-windows-x86_64, r-release-windows-ix86+x86_64, r-oldrel-windows-ix86+x86_64

Version: 1.1.3.1
Check: package dependencies
Result: NOTE
    Packages suggested but not available for checking: 'igraph', 'unix'
Flavor: r-devel-windows-x86_64-gcc10-UCRT