CRAN Package Check Results for Package RoBSA

Last updated on 2022-10-02 12:56:04 CEST.

Flavor Version Tinstall Tcheck Ttotal Status Flags
r-devel-linux-x86_64-debian-clang 1.0.0 22.75 115.88 138.63 OK
r-devel-linux-x86_64-debian-gcc 1.0.0 17.85 87.41 105.26 OK
r-devel-linux-x86_64-fedora-clang 1.0.0 206.22 NOTE
r-devel-linux-x86_64-fedora-gcc 1.0.0 214.96 NOTE
r-devel-windows-x86_64 1.0.0 43.00 185.00 228.00 OK
r-patched-linux-x86_64 1.0.0 19.97 108.92 128.89 OK
r-release-linux-x86_64 1.0.0 18.92 109.51 128.43 OK
r-release-macos-arm64 1.0.0 66.00 NOTE
r-release-macos-x86_64 1.0.0 93.00 NOTE
r-release-windows-x86_64 1.0.0 57.00 158.00 215.00 OK
r-oldrel-macos-arm64 1.0.0 66.00 NOTE
r-oldrel-macos-x86_64 1.0.0 93.00 NOTE
r-oldrel-windows-ix86+x86_64 1.0.0 49.00 255.00 304.00 OK

Check Details

Version: 1.0.0
Check: dependencies in R code
Result: NOTE
    Namespaces in Imports field not imported from:
     ‘Rdpack’ ‘bridgesampling’ ‘runjags’
     All declared Imports should be used.
Flavors: r-devel-linux-x86_64-fedora-clang, r-devel-linux-x86_64-fedora-gcc, r-release-macos-arm64, r-release-macos-x86_64, r-oldrel-macos-arm64, r-oldrel-macos-x86_64

Version: 1.0.0
Check: Rd cross-references
Result: NOTE
    Undeclared package ‘extraDistr’ in Rd xrefs
Flavor: r-devel-linux-x86_64-fedora-clang