CRAN Package Check Results for Package RcmdrPlugin.RMTCJags

Last updated on 2021-10-21 12:58:12 CEST.

Flavor Version Tinstall Tcheck Ttotal Status Flags
r-devel-linux-x86_64-debian-clang 1.0-2 16.40 120.43 136.83 OK
r-devel-linux-x86_64-debian-gcc 1.0-2 13.91 92.18 106.09 OK
r-devel-linux-x86_64-fedora-clang 1.0-2 184.08 OK
r-devel-linux-x86_64-fedora-gcc 1.0-2 170.35 OK
r-devel-windows-x86_64 1.0-2 23.00 157.00 180.00 OK
r-devel-windows-x86_64-gcc10-UCRT 1.0-2 ERROR
r-patched-linux-x86_64 1.0-2 16.51 115.85 132.36 OK
r-patched-solaris-x86 1.0-2 309.90 OK
r-release-linux-x86_64 1.0-2 15.97 116.06 132.03 OK
r-release-macos-arm64 1.0-2 OK
r-release-macos-x86_64 1.0-2 OK
r-release-windows-ix86+x86_64 1.0-2 37.00 142.00 179.00 OK
r-oldrel-macos-x86_64 1.0-2 OK
r-oldrel-windows-ix86+x86_64 1.0-2 42.00 147.00 189.00 OK

Check Details

Version: 1.0-2
Check: package dependencies
Result: ERROR
    Package required but not available: 'igraph'
    
    See section 'The DESCRIPTION file' in the 'Writing R Extensions'
    manual.
Flavor: r-devel-windows-x86_64-gcc10-UCRT