CRAN Package Check Results for Package RavenR

Last updated on 2022-10-02 12:56:02 CEST.

Flavor Version Tinstall Tcheck Ttotal Status Flags
r-devel-linux-x86_64-debian-clang 2.1.9 36.79 189.36 226.15 OK
r-devel-linux-x86_64-debian-gcc 2.1.9 31.01 135.54 166.55 OK
r-devel-linux-x86_64-fedora-clang 2.1.9 305.80 OK
r-devel-linux-x86_64-fedora-gcc 2.1.9 295.31 OK
r-devel-windows-x86_64 2.1.9 74.00 250.00 324.00 OK
r-patched-linux-x86_64 2.1.9 36.67 170.77 207.44 OK
r-release-linux-x86_64 2.1.9 23.28 171.10 194.38 OK
r-release-macos-arm64 2.1.9 70.00 OK
r-release-macos-x86_64 2.1.9 100.00 OK
r-release-windows-x86_64 2.1.9 85.00 298.00 383.00 OK
r-oldrel-macos-arm64 2.1.9 69.00 OK
r-oldrel-macos-x86_64 2.1.9 96.00 OK
r-oldrel-windows-ix86+x86_64 2.1.9 82.00 332.00 414.00 NOTE

Check Details

Version: 2.1.9
Check: installed package size
Result: NOTE
     installed size is 5.0Mb
     sub-directories of 1Mb or more:
     doc 1.1Mb
     extdata 1.0Mb
     libs 2.1Mb
Flavor: r-oldrel-windows-ix86+x86_64