CRAN Package Check Results for Package RVowpalWabbit

Last updated on 2017-04-29 23:50:47.

Flavor Version Tinstall Tcheck Ttotal Status Flags
r-devel-linux-x86_64-debian-clang 0.0.9 124.01 19.05 143.07 OK
r-devel-linux-x86_64-debian-gcc 0.0.9 123.54 18.83 142.37 OK
r-devel-linux-x86_64-fedora-clang 0.0.9 311.77 NOTE --no-stop-on-test-error
r-devel-linux-x86_64-fedora-gcc 0.0.9 274.21 NOTE --no-stop-on-test-error
r-patched-linux-x86_64 0.0.9 99.29 17.98 117.26 OK
r-release-linux-x86_64 0.0.9 98.69 19.73 118.42 OK
r-release-osx-x86_64 0.0.9 ERROR
r-oldrel-osx-x86_64 0.0.9 ERROR

Memtest notes: clang-UBSAN clang-UBSAN gcc-UBSAN gcc-UBSAN

Check Details

Version: 0.0.9
Flags: --no-stop-on-test-error
Check: installed package size
Result: NOTE
     installed size is 24.0Mb
     sub-directories of 1Mb or more:
     libs 4.3Mb
     test 19.6Mb
Flavors: r-devel-linux-x86_64-fedora-clang, r-devel-linux-x86_64-fedora-gcc

Version: 0.0.9
Check: whether package can be installed
Result: ERROR
    Installation failed.
Flavors: r-release-osx-x86_64, r-oldrel-osx-x86_64