CRAN Package Check Results for Package RSurveillance

Last updated on 2022-09-25 12:56:07 CEST.

Flavor Version Tinstall Tcheck Ttotal Status Flags
r-devel-linux-x86_64-debian-clang 0.2.1 4.60 50.33 54.93 OK
r-devel-linux-x86_64-debian-gcc 0.2.1 3.61 37.28 40.89 OK
r-devel-linux-x86_64-fedora-clang 0.2.1 79.22 NOTE
r-devel-linux-x86_64-fedora-gcc 0.2.1 79.31 NOTE
r-devel-windows-x86_64 0.2.1 7.00 83.00 90.00 OK
r-patched-linux-x86_64 0.2.1 4.26 46.42 50.68 OK
r-release-linux-x86_64 0.2.1 4.23 46.67 50.90 OK
r-release-macos-arm64 0.2.1 21.00 NOTE
r-release-macos-x86_64 0.2.1 32.00 NOTE
r-release-windows-x86_64 0.2.1 20.00 74.00 94.00 OK
r-oldrel-macos-arm64 0.2.1 26.00 NOTE
r-oldrel-macos-x86_64 0.2.1 39.00 NOTE
r-oldrel-windows-ix86+x86_64 0.2.1 10.00 82.00 92.00 OK

Check Details

Version: 0.2.1
Check: dependencies in R code
Result: NOTE
    Namespace in Imports field not imported from: ‘mc2d’
     All declared Imports should be used.
Flavors: r-devel-linux-x86_64-fedora-clang, r-devel-linux-x86_64-fedora-gcc, r-release-macos-arm64, r-release-macos-x86_64, r-oldrel-macos-arm64, r-oldrel-macos-x86_64