CRAN Package Check Results for Package RSNNS

Last updated on 2022-10-02 12:56:05 CEST.

Flavor Version Tinstall Tcheck Ttotal Status Flags
r-devel-linux-x86_64-debian-clang 0.4-14 77.24 56.67 133.91 OK
r-devel-linux-x86_64-debian-gcc 0.4-14 70.26 43.62 113.88 OK
r-devel-linux-x86_64-fedora-clang 0.4-14 274.58 OK
r-devel-linux-x86_64-fedora-gcc 0.4-14 199.55 OK
r-devel-windows-x86_64 0.4-14 123.00 122.00 245.00 OK
r-patched-linux-x86_64 0.4-14 74.05 53.54 127.59 OK
r-release-linux-x86_64 0.4-14 78.74 53.61 132.35 OK
r-release-macos-arm64 0.4-14 56.00 NOTE
r-release-macos-x86_64 0.4-14 72.00 NOTE
r-release-windows-x86_64 0.4-14 130.00 115.00 245.00 OK
r-oldrel-macos-arm64 0.4-14 65.00 NOTE
r-oldrel-macos-x86_64 0.4-14 78.00 NOTE
r-oldrel-windows-ix86+x86_64 0.4-14 219.00 121.00 340.00 OK

Check Details

Version: 0.4-14
Check: installed package size
Result: NOTE
     installed size is 7.2Mb
     sub-directories of 1Mb or more:
     libs 6.2Mb
Flavors: r-release-macos-arm64, r-release-macos-x86_64, r-oldrel-macos-arm64, r-oldrel-macos-x86_64