CRAN Package Check Results for Package RISCA

Last updated on 2022-10-03 12:53:22 CEST.

Flavor Version Tinstall Tcheck Ttotal Status Flags
r-devel-linux-x86_64-debian-clang 1.0.1 64.65 585.82 650.47 OK
r-devel-linux-x86_64-debian-gcc 1.0.1 48.06 422.90 470.96 OK
r-devel-linux-x86_64-fedora-clang 1.0.1 867.73 NOTE
r-devel-linux-x86_64-fedora-gcc 1.0.1 803.73 OK
r-devel-windows-x86_64 1.0.1 69.00 650.00 719.00 OK
r-patched-linux-x86_64 1.0.1 57.34 551.81 609.15 OK
r-release-linux-x86_64 1.0.1 55.76 552.62 608.38 OK
r-release-macos-arm64 1.0.1 120.00 OK
r-release-macos-x86_64 1.0.1 236.00 OK
r-release-windows-x86_64 1.0.1 74.00 658.00 732.00 OK
r-oldrel-macos-arm64 1.0.1 119.00 OK
r-oldrel-macos-x86_64 1.0.1 222.00 OK
r-oldrel-windows-ix86+x86_64 1.0.1 113.00 672.00 785.00 OK

Check Details

Version: 1.0.1
Check: package dependencies
Result: NOTE
    Imports includes 26 non-default packages.
    Importing from so many packages makes the package vulnerable to any of
    them becoming unavailable. Move as many as possible to Suggests and
    use conditionally.
Flavor: r-devel-linux-x86_64-fedora-clang