CRAN Package Check Results for Package PupillometryR

Last updated on 2022-09-24 12:57:35 CEST.

Flavor Version Tinstall Tcheck Ttotal Status Flags
r-devel-linux-x86_64-debian-clang 0.0.4 8.36 165.25 173.61 OK
r-devel-linux-x86_64-debian-gcc 0.0.4 6.59 115.93 122.52 OK
r-devel-linux-x86_64-fedora-clang 0.0.4 206.15 NOTE
r-devel-linux-x86_64-fedora-gcc 0.0.4 202.99 NOTE
r-devel-windows-x86_64 0.0.4 35.00 188.00 223.00 OK
r-patched-linux-x86_64 0.0.4 6.72 152.46 159.18 OK
r-release-linux-x86_64 0.0.4 5.76 150.82 156.58 OK
r-release-macos-arm64 0.0.4 52.00 NOTE
r-release-macos-x86_64 0.0.4 99.00 NOTE
r-release-windows-x86_64 0.0.4 31.00 190.00 221.00 OK
r-oldrel-macos-arm64 0.0.4 59.00 NOTE
r-oldrel-macos-x86_64 0.0.4 72.00 NOTE
r-oldrel-windows-ix86+x86_64 0.0.4 18.00 183.00 201.00 OK

Check Details

Version: 0.0.4
Check: dependencies in R code
Result: NOTE
    Namespaces in Imports field not imported from:
     ‘data.table’ ‘itsadug’ ‘lazyeval’ ‘mgcv’
     All declared Imports should be used.
Flavors: r-devel-linux-x86_64-fedora-clang, r-devel-linux-x86_64-fedora-gcc, r-release-macos-arm64, r-release-macos-x86_64, r-oldrel-macos-arm64, r-oldrel-macos-x86_64