CRAN Package Check Results for Package ProfoundData

Last updated on 2022-09-24 12:57:35 CEST.

Flavor Version Tinstall Tcheck Ttotal Status Flags
r-devel-linux-x86_64-debian-clang 0.2.1 10.22 69.25 79.47 NOTE
r-devel-linux-x86_64-debian-gcc 0.2.1 6.83 52.56 59.39 NOTE
r-devel-linux-x86_64-fedora-clang 0.2.1 103.31 NOTE
r-devel-linux-x86_64-fedora-gcc 0.2.1 102.35 NOTE
r-devel-windows-x86_64 0.2.1 52.00 99.00 151.00 NOTE
r-patched-linux-x86_64 0.2.1 9.02 66.20 75.22 NOTE
r-release-linux-x86_64 0.2.1 9.25 65.64 74.89 NOTE
r-release-macos-arm64 0.2.1 30.00 NOTE
r-release-macos-x86_64 0.2.1 42.00 NOTE
r-release-windows-x86_64 0.2.1 41.00 96.00 137.00 NOTE
r-oldrel-macos-arm64 0.2.1 38.00 NOTE
r-oldrel-macos-x86_64 0.2.1 55.00 NOTE
r-oldrel-windows-ix86+x86_64 0.2.1 19.00 94.00 113.00 NOTE

Check Details

Version: 0.2.1
Check: LazyData
Result: NOTE
     'LazyData' is specified without a 'data' directory
Flavors: r-devel-linux-x86_64-debian-clang, r-devel-linux-x86_64-debian-gcc, r-devel-linux-x86_64-fedora-clang, r-devel-linux-x86_64-fedora-gcc, r-devel-windows-x86_64, r-patched-linux-x86_64, r-release-linux-x86_64, r-release-macos-arm64, r-release-macos-x86_64, r-release-windows-x86_64, r-oldrel-macos-arm64, r-oldrel-macos-x86_64, r-oldrel-windows-ix86+x86_64