CRAN Package Check Results for Package PortalHacienda

Last updated on 2022-10-02 12:56:01 CEST.

Flavor Version Tinstall Tcheck Ttotal Status Flags
r-devel-linux-x86_64-debian-clang 0.1.6 3.34 46.81 50.15 NOTE
r-devel-linux-x86_64-debian-gcc 0.1.6 2.70 35.31 38.01 NOTE
r-devel-linux-x86_64-fedora-clang 0.1.6 75.16 NOTE
r-devel-linux-x86_64-fedora-gcc 0.1.6 71.69 NOTE
r-devel-windows-x86_64 0.1.6 18.00 91.00 109.00 NOTE
r-patched-linux-x86_64 0.1.6 3.19 44.02 47.21 NOTE
r-release-linux-x86_64 0.1.6 3.04 44.99 48.03 NOTE
r-release-macos-arm64 0.1.6 43.00 NOTE
r-release-macos-x86_64 0.1.6 61.00 NOTE
r-release-windows-x86_64 0.1.6 35.00 0.00 35.00 FAIL
r-oldrel-macos-arm64 0.1.6 39.00 NOTE
r-oldrel-macos-x86_64 0.1.6 56.00 NOTE
r-oldrel-windows-ix86+x86_64 0.1.6 11.00 87.00 98.00 NOTE

Check Details

Version: 0.1.6
Check: LazyData
Result: NOTE
     'LazyData' is specified without a 'data' directory
Flavors: r-devel-linux-x86_64-debian-clang, r-devel-linux-x86_64-debian-gcc, r-devel-linux-x86_64-fedora-clang, r-devel-linux-x86_64-fedora-gcc, r-devel-windows-x86_64, r-patched-linux-x86_64, r-release-linux-x86_64, r-release-macos-arm64, r-release-macos-x86_64, r-release-windows-x86_64, r-oldrel-macos-arm64, r-oldrel-macos-x86_64, r-oldrel-windows-ix86+x86_64

Version: 0.1.6
Check: dependencies in R code
Result: NOTE
    Namespace in Imports field not imported from: ‘purrr’
     All declared Imports should be used.
Flavors: r-devel-linux-x86_64-fedora-clang, r-devel-linux-x86_64-fedora-gcc, r-release-macos-arm64, r-release-macos-x86_64, r-oldrel-macos-arm64, r-oldrel-macos-x86_64

Version: 0.1.6
Check: re-building of vignette outputs
Result: FAIL
    Check process probably crashed or hung up for 20 minutes ... killed
    Most likely this happened in the example checks (?),
    if not, ignore the following last lines of example output:
    > nameEx("vForecast")
    > ### * vForecast
    >
    > flush(stderr()); flush(stdout())
    >
    > ### Name: vForecast
    > ### Title: Extender series con proyecciones de auto.arima (paquete
    > ### Forecast)
    > ### Aliases: vForecast
    >
    > ### ** Examples
    >
    >
    >
    >
    > ### * <FOOTER>
    > ###
    > cleanEx()
    > options(digits = 7L)
    > base::cat("Time elapsed: ", proc.time() - base::get("ptime", pos = 'CheckExEnv'),"\n")
    Time elapsed: 4.35 0.12 6.22 NA NA
    > grDevices::dev.off()
    null device
     1
    > ###
    > ### Local variables: ***
    > ### mode: outline-minor ***
    > ### outline-regexp: "\\(> \\)?### [*]+" ***
    > ### End: ***
    > quit('no')
    ======== End of example output (where/before crash/hang up occured ?) ========
Flavor: r-release-windows-x86_64