CRAN Package Check Results for Package Platypus

Last updated on 2022-08-06 12:57:28 CEST.

Flavor Version Tinstall Tcheck Ttotal Status Flags
r-devel-linux-x86_64-debian-clang 3.3.5 60.05 323.35 383.40 NOTE
r-devel-linux-x86_64-debian-gcc 3.3.5 42.43 230.97 273.40 NOTE
r-devel-linux-x86_64-fedora-clang 3.3.5 453.77 NOTE
r-devel-linux-x86_64-fedora-gcc 3.3.5 488.47 NOTE
r-devel-windows-x86_64 3.3.5 114.00 340.00 454.00 OK
r-patched-linux-x86_64 3.3.5 48.05 295.93 343.98 OK
r-release-linux-x86_64 3.3.5 50.43 295.30 345.73 OK
r-release-macos-arm64 3.3.5 100.00 NOTE
r-release-macos-x86_64 3.3.5 167.00 NOTE
r-release-windows-x86_64 3.3.5 115.00 337.00 452.00 OK
r-oldrel-macos-arm64 3.3.5 79.00 NOTE
r-oldrel-macos-x86_64 3.3.5 133.00 NOTE
r-oldrel-windows-ix86+x86_64 3.3.5 88.00 343.00 431.00 OK

Check Details

Version: 3.3.5
Check: HTML version of manual
Result: NOTE
    Found the following HTML validation problems:
    mus_b_trans.html:19:1: Warning: missing </h2> before <dl>
    mus_b_trans.html:34:1: Warning: discarding unexpected </h2>
    vdj_length_prob.html:19:1: Warning: missing </h2> before <dl>
    vdj_length_prob.html:36:1: Warning: discarding unexpected </h2>
Flavors: r-devel-linux-x86_64-debian-clang, r-devel-linux-x86_64-debian-gcc

Version: 3.3.5
Check: dependencies in R code
Result: NOTE
    Namespace in Imports field not imported from: ‘knitr’
     All declared Imports should be used.
Flavors: r-devel-linux-x86_64-fedora-clang, r-devel-linux-x86_64-fedora-gcc, r-release-macos-arm64, r-release-macos-x86_64, r-oldrel-macos-arm64, r-oldrel-macos-x86_64