CRAN Package Check Results for Package PhenotypeSimulator

Last updated on 2022-09-30 12:55:16 CEST.

Flavor Version Tinstall Tcheck Ttotal Status Flags
r-devel-linux-x86_64-debian-clang 0.3.4 34.47 273.59 308.06 OK
r-devel-linux-x86_64-debian-gcc 0.3.4 27.22 197.50 224.72 OK
r-devel-linux-x86_64-fedora-clang 0.3.4 388.69 NOTE
r-devel-linux-x86_64-fedora-gcc 0.3.4 365.52 OK
r-devel-windows-x86_64 0.3.4 88.00 372.00 460.00 NOTE
r-patched-linux-x86_64 0.3.4 26.41 255.62 282.03 OK
r-release-linux-x86_64 0.3.4 21.97 252.26 274.23 OK
r-release-macos-arm64 0.3.4 108.00 NOTE
r-release-macos-x86_64 0.3.4 158.00 NOTE
r-release-windows-x86_64 0.3.4 328.00 353.00 681.00 NOTE
r-oldrel-macos-arm64 0.3.4 142.00 NOTE
r-oldrel-macos-x86_64 0.3.4 125.00 NOTE
r-oldrel-windows-ix86+x86_64 0.3.4 80.00 436.00 516.00 NOTE

Check Details

Version: 0.3.4
Check: installed package size
Result: NOTE
     installed size is 5.1Mb
     sub-directories of 1Mb or more:
     doc 1.5Mb
     extdata 3.2Mb
Flavors: r-devel-linux-x86_64-fedora-clang, r-devel-windows-x86_64, r-release-macos-arm64, r-release-macos-x86_64, r-release-windows-x86_64, r-oldrel-macos-arm64, r-oldrel-macos-x86_64, r-oldrel-windows-ix86+x86_64