CRAN Package Check Results for Package PerformanceAnalytics

Last updated on 2022-10-03 12:53:18 CEST.

Flavor Version Tinstall Tcheck Ttotal Status Flags
r-devel-linux-x86_64-debian-clang 2.0.4 30.27 371.14 401.41 NOTE
r-devel-linux-x86_64-debian-gcc 2.0.4 18.60 269.26 287.86 NOTE
r-devel-linux-x86_64-fedora-clang 2.0.4 512.62 NOTE
r-devel-linux-x86_64-fedora-gcc 2.0.4 493.47 NOTE
r-devel-windows-x86_64 2.0.4 593.00 292.00 885.00 NOTE --no-vignettes
r-patched-linux-x86_64 2.0.4 29.70 344.24 373.94 OK
r-release-linux-x86_64 2.0.4 23.51 347.38 370.89 OK
r-release-macos-arm64 2.0.4 147.00 OK
r-release-macos-x86_64 2.0.4 214.00 OK
r-release-windows-x86_64 2.0.4 775.00 270.00 1045.00 OK --no-vignettes
r-oldrel-macos-arm64 2.0.4 186.00 OK
r-oldrel-macos-x86_64 2.0.4 342.00 OK
r-oldrel-windows-ix86+x86_64 2.0.4 49.00 390.00 439.00 OK --no-vignettes

Additional issues

M1mac noLD noSuggests

Check Details

Version: 2.0.4
Check: Rd files
Result: NOTE
    checkRd: (-1) CAPM.RiskPremium.Rd:67: Escaped LaTeX specials: \&
    checkRd: (-1) chart.ECDF.Rd:31: Escaped LaTeX specials: \#
    checkRd: (-1) managers.Rd:8: Escaped LaTeX specials: \&
Flavors: r-devel-linux-x86_64-debian-clang, r-devel-linux-x86_64-debian-gcc, r-devel-linux-x86_64-fedora-clang, r-devel-linux-x86_64-fedora-gcc

Version: 2.0.4
Check: Rd cross-references
Result: NOTE
    Undeclared packages ‘timeSeries’, ‘tseries’, ‘car’, ‘gplots’ in Rd xrefs
Flavor: r-devel-linux-x86_64-fedora-clang

Version: 2.0.4
Flags: --no-vignettes
Check: Rd files
Result: NOTE
    checkRd: (-1) CAPM.RiskPremium.Rd:67: Escaped LaTeX specials: \&
    checkRd: (-1) chart.ECDF.Rd:31: Escaped LaTeX specials: \#
    checkRd: (-1) managers.Rd:8: Escaped LaTeX specials: \&
Flavor: r-devel-windows-x86_64