CRAN Package Check Results for Package PenIC

Last updated on 2022-08-14 12:53:25 CEST.

Flavor Version Tinstall Tcheck Ttotal Status Flags
r-devel-linux-x86_64-debian-clang 1.0.0 8.78 69.46 78.24 NOTE
r-devel-linux-x86_64-debian-gcc 1.0.0 5.98 53.00 58.98 NOTE
r-devel-linux-x86_64-fedora-clang 1.0.0 100.70 NOTE
r-devel-linux-x86_64-fedora-gcc 1.0.0 106.34 NOTE
r-devel-windows-x86_64 1.0.0 11.00 95.00 106.00 NOTE
r-patched-linux-x86_64 1.0.0 6.33 66.70 73.03 NOTE
r-release-linux-x86_64 1.0.0 6.19 66.57 72.76 NOTE
r-release-macos-arm64 1.0.0 29.00 NOTE
r-release-macos-x86_64 1.0.0 43.00 NOTE
r-release-windows-x86_64 1.0.0 14.00 99.00 113.00 NOTE
r-oldrel-macos-arm64 1.0.0 34.00 NOTE
r-oldrel-macos-x86_64 1.0.0 54.00 NOTE
r-oldrel-windows-ix86+x86_64 1.0.0 18.00 85.00 103.00 NOTE

Check Details

Version: 1.0.0
Check: LazyData
Result: NOTE
     'LazyData' is specified without a 'data' directory
Flavors: r-devel-linux-x86_64-debian-clang, r-devel-linux-x86_64-debian-gcc, r-devel-linux-x86_64-fedora-clang, r-devel-linux-x86_64-fedora-gcc, r-devel-windows-x86_64, r-patched-linux-x86_64, r-release-linux-x86_64, r-release-macos-arm64, r-release-macos-x86_64, r-release-windows-x86_64, r-oldrel-macos-arm64, r-oldrel-macos-x86_64, r-oldrel-windows-ix86+x86_64