CRAN Package Check Results for Package PREPShiny

Last updated on 2022-09-27 12:52:59 CEST.

Flavor Version Tinstall Tcheck Ttotal Status Flags
r-devel-linux-x86_64-debian-clang 0.1.0 1.93 20.36 22.29 NOTE
r-devel-linux-x86_64-debian-gcc 0.1.0 1.73 16.45 18.18 NOTE
r-devel-linux-x86_64-fedora-clang 0.1.0 40.38 NOTE
r-devel-linux-x86_64-fedora-gcc 0.1.0 39.18 NOTE
r-devel-windows-x86_64 0.1.0 10.00 49.00 59.00 NOTE
r-patched-linux-x86_64 0.1.0 1.99 20.14 22.13 NOTE
r-release-linux-x86_64 0.1.0 1.77 20.13 21.90 NOTE
r-release-macos-arm64 0.1.0 14.00 NOTE
r-release-macos-x86_64 0.1.0 27.00 NOTE
r-release-windows-x86_64 0.1.0 5.00 49.00 54.00 NOTE
r-oldrel-macos-arm64 0.1.0 20.00 NOTE
r-oldrel-macos-x86_64 0.1.0 21.00 NOTE
r-oldrel-windows-ix86+x86_64 0.1.0 8.00 49.00 57.00 NOTE

Check Details

Version: 0.1.0
Check: LazyData
Result: NOTE
     'LazyData' is specified without a 'data' directory
Flavors: r-devel-linux-x86_64-debian-clang, r-devel-linux-x86_64-debian-gcc, r-devel-linux-x86_64-fedora-clang, r-devel-linux-x86_64-fedora-gcc, r-devel-windows-x86_64, r-patched-linux-x86_64, r-release-linux-x86_64, r-release-macos-arm64, r-release-macos-x86_64, r-release-windows-x86_64, r-oldrel-macos-arm64, r-oldrel-macos-x86_64, r-oldrel-windows-ix86+x86_64

Version: 0.1.0
Check: dependencies in R code
Result: NOTE
    Namespaces in Imports field not imported from:
     ‘datasets’ ‘dplyr’ ‘psycho’ ‘shiny’
     All declared Imports should be used.
Flavors: r-devel-linux-x86_64-fedora-clang, r-devel-linux-x86_64-fedora-gcc, r-release-macos-arm64, r-release-macos-x86_64, r-oldrel-macos-arm64, r-oldrel-macos-x86_64