CRAN Package Check Results for Package OmicInt

Last updated on 2022-09-24 12:57:33 CEST.

Flavor Version Tinstall Tcheck Ttotal Status Flags
r-devel-linux-x86_64-debian-clang 1.1.7 10.90 97.21 108.11 OK
r-devel-linux-x86_64-debian-gcc 1.1.7 6.64 72.51 79.15 OK
r-devel-linux-x86_64-fedora-clang 1.1.7 138.20 NOTE
r-devel-linux-x86_64-fedora-gcc 1.1.7 134.98 NOTE
r-devel-windows-x86_64 1.1.7 24.00 129.00 153.00 OK
r-patched-linux-x86_64 1.1.7 9.90 93.19 103.09 OK
r-release-linux-x86_64 1.1.7 7.11 93.57 100.68 OK
r-release-macos-arm64 1.1.7 40.00 NOTE
r-release-macos-x86_64 1.1.7 62.00 NOTE
r-release-windows-x86_64 1.1.7 22.00 123.00 145.00 OK
r-oldrel-macos-arm64 1.1.7 40.00 NOTE
r-oldrel-macos-x86_64 1.1.7 54.00 NOTE
r-oldrel-windows-ix86+x86_64 1.1.7 27.00 125.00 152.00 OK

Check Details

Version: 1.1.7
Check: dependencies in R code
Result: NOTE
    Namespaces in Imports field not imported from:
     ‘knitr’ ‘rmarkdown’
     All declared Imports should be used.
Flavors: r-devel-linux-x86_64-fedora-clang, r-devel-linux-x86_64-fedora-gcc, r-release-macos-arm64, r-release-macos-x86_64, r-oldrel-macos-arm64, r-oldrel-macos-x86_64