CRAN Package Check Results for Package NetSwan

Last updated on 2021-10-21 12:58:08 CEST.

Flavor Version Tinstall Tcheck Ttotal Status Flags
r-devel-linux-x86_64-debian-clang 0.1 2.33 28.36 30.69 OK
r-devel-linux-x86_64-debian-gcc 0.1 1.60 22.43 24.03 OK
r-devel-linux-x86_64-fedora-clang 0.1 47.90 OK
r-devel-linux-x86_64-fedora-gcc 0.1 36.85 OK
r-devel-windows-x86_64 0.1 5.00 49.00 54.00 OK
r-devel-windows-x86_64-gcc10-UCRT 0.1 ERROR
r-patched-linux-x86_64 0.1 2.43 27.55 29.98 OK
r-patched-solaris-x86 0.1 60.30 OK
r-release-linux-x86_64 0.1 2.13 27.93 30.06 OK
r-release-macos-arm64 0.1 OK
r-release-macos-x86_64 0.1 OK
r-release-windows-ix86+x86_64 0.1 4.00 48.00 52.00 OK
r-oldrel-macos-x86_64 0.1 OK
r-oldrel-windows-ix86+x86_64 0.1 5.00 49.00 54.00 OK

Check Details

Version: 0.1
Check: package dependencies
Result: ERROR
    Package required but not available: 'igraph'
    
    See section 'The DESCRIPTION file' in the 'Writing R Extensions'
    manual.
Flavor: r-devel-windows-x86_64-gcc10-UCRT