CRAN Package Check Results for Package NetOrigin

Last updated on 2021-10-21 12:58:08 CEST.

Flavor Version Tinstall Tcheck Ttotal Status Flags
r-devel-linux-x86_64-debian-clang 1.1-2 11.80 114.27 126.07 OK
r-devel-linux-x86_64-debian-gcc 1.1-2 9.20 85.93 95.13 OK
r-devel-linux-x86_64-fedora-clang 1.1-2 159.95 OK
r-devel-linux-x86_64-fedora-gcc 1.1-2 147.07 OK
r-devel-windows-x86_64 1.1-2 20.00 144.00 164.00 OK
r-devel-windows-x86_64-gcc10-UCRT 1.1-2 ERROR
r-patched-linux-x86_64 1.1-2 15.22 108.22 123.44 OK
r-patched-solaris-x86 1.1-2 224.10 OK
r-release-linux-x86_64 1.1-2 11.21 107.32 118.53 OK
r-release-macos-arm64 1.1-2 OK
r-release-macos-x86_64 1.1-2 OK
r-release-windows-ix86+x86_64 1.1-2 19.00 138.00 157.00 OK
r-oldrel-macos-x86_64 1.1-2 OK
r-oldrel-windows-ix86+x86_64 1.1-2 28.00 145.00 173.00 OK

Check Details

Version: 1.1-2
Check: package dependencies
Result: ERROR
    Package required but not available: 'igraph'
    
    See section 'The DESCRIPTION file' in the 'Writing R Extensions'
    manual.
Flavor: r-devel-windows-x86_64-gcc10-UCRT