CRAN Package Check Results for Package NetCluster

Last updated on 2017-04-27 23:50:03.

Flavor Version Tinstall Tcheck Ttotal Status Flags
r-devel-linux-x86_64-debian-clang 0.2 0.69 11.86 12.55 NOTE
r-devel-linux-x86_64-debian-gcc 0.2 0.72 11.76 12.48 NOTE
r-devel-linux-x86_64-fedora-clang 0.2 20.31 NOTE --no-stop-on-test-error
r-devel-linux-x86_64-fedora-gcc 0.2 19.79 NOTE --no-stop-on-test-error
r-devel-windows-ix86+x86_64 0.2 3.00 35.00 38.00 NOTE
r-patched-linux-x86_64 0.2 0.67 11.77 12.44 NOTE
r-patched-solaris-sparc 0.2 122.20 NOTE
r-patched-solaris-x86 0.2 29.70 NOTE
r-release-linux-x86_64 0.2 0.73 12.10 12.83 NOTE
r-release-windows-ix86+x86_64 0.2 2.00 27.00 29.00 NOTE
r-release-osx-x86_64 0.2 NOTE
r-oldrel-windows-ix86+x86_64 0.2 4.00 26.00 30.00 NOTE
r-oldrel-osx-x86_64 0.2 NOTE

Check Details

Version: 0.2
Check: R code for possible problems
Result: NOTE
    clustConfigurations: no visible global function definition for ‘plot’
    Undefined global functions or variables:
     plot
    Consider adding
     importFrom("graphics", "plot")
    to your NAMESPACE file.
Flavors: r-devel-linux-x86_64-debian-clang, r-devel-linux-x86_64-debian-gcc, r-devel-windows-ix86+x86_64, r-patched-linux-x86_64, r-patched-solaris-sparc, r-patched-solaris-x86, r-release-linux-x86_64, r-release-windows-ix86+x86_64, r-release-osx-x86_64, r-oldrel-windows-ix86+x86_64, r-oldrel-osx-x86_64

Version: 0.2
Flags: --no-stop-on-test-error
Check: R code for possible problems
Result: NOTE
    clustConfigurations: no visible global function definition for ‘plot’
    Undefined global functions or variables:
     plot
    Consider adding
     importFrom("graphics", "plot")
    to your NAMESPACE file.
Flavors: r-devel-linux-x86_64-fedora-clang, r-devel-linux-x86_64-fedora-gcc