CRAN Package Check Results for Package MultIS

Last updated on 2021-10-22 12:59:21 CEST.

Flavor Version Tinstall Tcheck Ttotal Status Flags
r-devel-linux-x86_64-debian-clang 0.6.2 6.33 76.21 82.54 OK
r-devel-linux-x86_64-debian-gcc 0.6.2 4.26 57.56 61.82 OK
r-devel-linux-x86_64-fedora-clang 0.6.2 108.64 NOTE
r-devel-linux-x86_64-fedora-gcc 0.6.2 94.45 NOTE
r-devel-windows-x86_64 0.6.2 11.00 117.00 128.00 OK
r-devel-windows-x86_64-gcc10-UCRT 0.6.2 ERROR
r-patched-linux-x86_64 0.6.2 5.36 71.72 77.08 OK
r-patched-solaris-x86 0.6.2 132.00 NOTE
r-release-linux-x86_64 0.6.2 5.21 72.33 77.54 OK
r-release-macos-arm64 0.6.2 NOTE
r-release-macos-x86_64 0.6.2 NOTE
r-release-windows-ix86+x86_64 0.6.2 10.00 114.00 124.00 OK
r-oldrel-macos-x86_64 0.6.2 NOTE
r-oldrel-windows-ix86+x86_64 0.6.2 16.00 120.00 136.00 OK

Check Details

Version: 0.6.2
Check: dependencies in R code
Result: NOTE
    Namespaces in Imports field not imported from:
     ‘poweRlaw’ ‘rmutil’
     All declared Imports should be used.
Flavors: r-devel-linux-x86_64-fedora-clang, r-devel-linux-x86_64-fedora-gcc, r-patched-solaris-x86, r-release-macos-arm64, r-release-macos-x86_64, r-oldrel-macos-x86_64

Version: 0.6.2
Check: package dependencies
Result: ERROR
    Package required but not available: 'igraph'
    
    See section 'The DESCRIPTION file' in the 'Writing R Extensions'
    manual.
Flavor: r-devel-windows-x86_64-gcc10-UCRT