CRAN Package Check Results for Package MSEtool

Last updated on 2022-10-04 12:53:44 CEST.

Flavor Version Tinstall Tcheck Ttotal Status Flags
r-devel-linux-x86_64-debian-clang 3.5.0 148.54 285.52 434.06 OK
r-devel-linux-x86_64-debian-gcc 3.5.0 116.08 203.66 319.74 OK
r-devel-linux-x86_64-fedora-clang 3.5.0 582.86 NOTE
r-devel-linux-x86_64-fedora-gcc 3.5.0 574.64 OK
r-devel-windows-x86_64 3.5.0 250.00 335.00 585.00 NOTE
r-patched-linux-x86_64 3.5.0 130.73 256.65 387.38 OK
r-release-linux-x86_64 3.5.0 134.91 256.11 391.02 OK
r-release-macos-arm64 3.5.0 118.00 NOTE
r-release-macos-x86_64 3.5.0 155.00 NOTE
r-release-windows-x86_64 3.5.0 380.00 290.00 670.00 NOTE
r-oldrel-macos-arm64 3.5.0 117.00 NOTE
r-oldrel-macos-x86_64 3.5.0 157.00 NOTE
r-oldrel-windows-ix86+x86_64 3.5.0 307.00 329.00 636.00 NOTE

Check Details

Version: 3.5.0
Check: installed package size
Result: NOTE
     installed size is 7.2Mb
     sub-directories of 1Mb or more:
     R 1.8Mb
     data 4.0Mb
Flavors: r-devel-linux-x86_64-fedora-clang, r-devel-windows-x86_64, r-release-macos-arm64, r-release-macos-x86_64, r-release-windows-x86_64, r-oldrel-macos-arm64, r-oldrel-macos-x86_64, r-oldrel-windows-ix86+x86_64