CRAN Package Check Results for Package MRS

Last updated on 2021-10-21 12:58:07 CEST.

Flavor Version Tinstall Tcheck Ttotal Status Flags
r-devel-linux-x86_64-debian-clang 1.2.4 61.22 37.40 98.62 OK
r-devel-linux-x86_64-debian-gcc 1.2.4 46.74 29.55 76.29 OK
r-devel-linux-x86_64-fedora-clang 1.2.4 159.34 OK
r-devel-linux-x86_64-fedora-gcc 1.2.4 134.78 OK
r-devel-windows-x86_64 1.2.4 81.00 71.00 152.00 OK
r-devel-windows-x86_64-gcc10-UCRT 1.2.4 ERROR
r-patched-linux-x86_64 1.2.4 54.44 36.62 91.06 OK
r-patched-solaris-x86 1.2.4 135.20 OK
r-release-linux-x86_64 1.2.4 50.35 36.91 87.26 OK
r-release-macos-arm64 1.2.4 OK
r-release-macos-x86_64 1.2.4 OK
r-release-windows-ix86+x86_64 1.2.4 122.00 92.00 214.00 OK
r-oldrel-macos-x86_64 1.2.4 OK
r-oldrel-windows-ix86+x86_64 1.2.4 157.00 91.00 248.00 OK

Check Details

Version: 1.2.4
Check: package dependencies
Result: ERROR
    Package required but not available: 'igraph'
    
    See section 'The DESCRIPTION file' in the 'Writing R Extensions'
    manual.
Flavor: r-devel-windows-x86_64-gcc10-UCRT