CRAN Package Check Results for Package MBNMAtime

Last updated on 2022-09-30 12:55:13 CEST.

Flavor Version Tinstall Tcheck Ttotal Status Flags
r-devel-linux-x86_64-debian-clang 0.2.1 9.68 535.00 544.68 OK
r-devel-linux-x86_64-debian-gcc 0.2.1 9.17 370.63 379.80 OK
r-devel-linux-x86_64-fedora-clang 0.2.1 617.19 NOTE
r-devel-linux-x86_64-fedora-gcc 0.2.1 603.79 OK
r-devel-windows-x86_64 0.2.1 85.00 565.00 650.00 OK
r-patched-linux-x86_64 0.2.1 8.77 489.47 498.24 OK
r-release-linux-x86_64 0.2.1 8.89 488.77 497.66 OK
r-release-macos-arm64 0.2.1 205.00 OK
r-release-macos-x86_64 0.2.1 236.00 NOTE
r-release-windows-x86_64 0.2.1 74.00 533.00 607.00 OK
r-oldrel-macos-arm64 0.2.1 54.00 OK
r-oldrel-macos-x86_64 0.2.1 82.00 OK
r-oldrel-windows-ix86+x86_64 0.2.1 19.00 556.00 575.00 OK

Check Details

Version: 0.2.1
Check: Rd cross-references
Result: NOTE
    Undeclared package ‘gemtc’ in Rd xrefs
Flavor: r-devel-linux-x86_64-fedora-clang

Version: 0.2.1
Check: Rd cross-references
Result: NOTE
    Package unavailable to check Rd xrefs: ‘gemtc’
Flavor: r-release-macos-x86_64