CRAN Package Check Results for Package JustifyAlpha

Last updated on 2022-10-02 12:55:56 CEST.

Flavor Version Tinstall Tcheck Ttotal Status Flags
r-devel-linux-x86_64-debian-clang 0.1.1 3.66 143.92 147.58 OK
r-devel-linux-x86_64-debian-gcc 0.1.1 2.64 103.68 106.32 OK
r-devel-linux-x86_64-fedora-clang 0.1.1 186.68 NOTE
r-devel-linux-x86_64-fedora-gcc 0.1.1 191.38 NOTE
r-devel-windows-x86_64 0.1.1 14.00 191.00 205.00 OK
r-patched-linux-x86_64 0.1.1 3.07 137.59 140.66 OK
r-release-linux-x86_64 0.1.1 3.39 137.91 141.30 OK
r-release-macos-arm64 0.1.1 50.00 NOTE
r-release-macos-x86_64 0.1.1 80.00 NOTE
r-release-windows-x86_64 0.1.1 24.00 187.00 211.00 OK
r-oldrel-macos-arm64 0.1.1 45.00 NOTE
r-oldrel-macos-x86_64 0.1.1 62.00 NOTE
r-oldrel-windows-ix86+x86_64 0.1.1 12.00 168.00 180.00 OK

Check Details

Version: 0.1.1
Check: dependencies in R code
Result: NOTE
    Namespaces in Imports field not imported from:
     ‘Superpower’ ‘pwr’ ‘shinydashboard’
     All declared Imports should be used.
Flavors: r-devel-linux-x86_64-fedora-clang, r-devel-linux-x86_64-fedora-gcc, r-release-macos-arm64, r-release-macos-x86_64, r-oldrel-macos-arm64, r-oldrel-macos-x86_64