CRAN Package Check Results for Package Jmisc

Last updated on 2017-04-29 23:50:28.

Flavor Version Tinstall Tcheck Ttotal Status Flags
r-devel-linux-x86_64-debian-clang 0.3.1 0.73 11.17 11.90 NOTE
r-devel-linux-x86_64-debian-gcc 0.3.1 0.63 11.10 11.73 NOTE
r-devel-linux-x86_64-fedora-clang 0.3.1 18.82 NOTE --no-stop-on-test-error
r-devel-linux-x86_64-fedora-gcc 0.3.1 17.94 NOTE --no-stop-on-test-error
r-devel-windows-ix86+x86_64 0.3.1 5.00 33.00 38.00 NOTE
r-patched-linux-x86_64 0.3.1 0.63 11.46 12.09 NOTE
r-patched-solaris-sparc 0.3.1 113.80 NOTE
r-patched-solaris-x86 0.3.1 26.70 NOTE
r-release-linux-x86_64 0.3.1 0.64 10.97 11.61 NOTE
r-release-windows-ix86+x86_64 0.3.1 6.00 28.00 34.00 NOTE
r-release-osx-x86_64 0.3.1 NOTE
r-oldrel-windows-ix86+x86_64 0.3.1 5.00 34.00 39.00 NOTE
r-oldrel-osx-x86_64 0.3.1 NOTE

Check Details

Version: 0.3.1
Check: DESCRIPTION meta-information
Result: NOTE
    Malformed Description field: should contain one or more complete sentences.
    BugReports field is not a suitable URL but contains an email address
     which will be used as from R 3.4.0
Flavors: r-devel-linux-x86_64-debian-clang, r-devel-linux-x86_64-debian-gcc, r-devel-windows-ix86+x86_64, r-patched-linux-x86_64, r-patched-solaris-sparc, r-patched-solaris-x86, r-release-linux-x86_64, r-release-windows-ix86+x86_64, r-release-osx-x86_64

Version: 0.3.1
Check: R code for possible problems
Result: NOTE
    JBTest: no visible global function definition for ‘pchisq’
    generateSignificance: no visible global function definition for ‘pnorm’
    packages: no visible global function definition for ‘install.packages’
    shift: no visible global function definition for ‘tail’
    shift: no visible global function definition for ‘head’
    splitBy: no visible global function definition for ‘head’
    Undefined global functions or variables:
     head install.packages pchisq pnorm tail
    Consider adding
     importFrom("stats", "pchisq", "pnorm")
     importFrom("utils", "head", "install.packages", "tail")
    to your NAMESPACE file.
Flavors: r-devel-linux-x86_64-debian-clang, r-devel-linux-x86_64-debian-gcc, r-devel-windows-ix86+x86_64, r-patched-linux-x86_64, r-patched-solaris-sparc, r-patched-solaris-x86, r-release-linux-x86_64, r-release-windows-ix86+x86_64, r-release-osx-x86_64, r-oldrel-windows-ix86+x86_64, r-oldrel-osx-x86_64

Version: 0.3.1
Flags: --no-stop-on-test-error
Check: DESCRIPTION meta-information
Result: NOTE
    Malformed Description field: should contain one or more complete sentences.
    BugReports field is not a suitable URL but contains an email address
     which will be used as from R 3.4.0
Flavors: r-devel-linux-x86_64-fedora-clang, r-devel-linux-x86_64-fedora-gcc

Version: 0.3.1
Flags: --no-stop-on-test-error
Check: R code for possible problems
Result: NOTE
    JBTest: no visible global function definition for ‘pchisq’
    generateSignificance: no visible global function definition for ‘pnorm’
    packages: no visible global function definition for ‘install.packages’
    shift: no visible global function definition for ‘tail’
    shift: no visible global function definition for ‘head’
    splitBy: no visible global function definition for ‘head’
    Undefined global functions or variables:
     head install.packages pchisq pnorm tail
    Consider adding
     importFrom("stats", "pchisq", "pnorm")
     importFrom("utils", "head", "install.packages", "tail")
    to your NAMESPACE file.
Flavors: r-devel-linux-x86_64-fedora-clang, r-devel-linux-x86_64-fedora-gcc

Version: 0.3.1
Check: DESCRIPTION meta-information
Result: NOTE
    Malformed Description field: should contain one or more complete sentences.
Flavors: r-oldrel-windows-ix86+x86_64, r-oldrel-osx-x86_64