CRAN Package Check Results for Package JOPS

Last updated on 2022-10-05 12:56:53 CEST.

Flavor Version Tinstall Tcheck Ttotal Status Flags
r-devel-linux-x86_64-debian-clang 0.1.15 15.26 155.54 170.80 OK
r-devel-linux-x86_64-debian-gcc 0.1.15 13.26 111.57 124.83 OK
r-devel-linux-x86_64-fedora-clang 0.1.15 217.25 NOTE
r-devel-linux-x86_64-fedora-gcc 0.1.15 228.19 NOTE
r-devel-windows-x86_64 0.1.15 38.00 194.00 232.00 OK
r-patched-linux-x86_64 0.1.15 21.48 141.52 163.00 OK
r-release-linux-x86_64 0.1.15 10.28 141.47 151.75 OK
r-release-macos-arm64 0.1.15 66.00 NOTE
r-release-macos-x86_64 0.1.15 89.00 NOTE
r-release-windows-x86_64 0.1.15 41.00 180.00 221.00 OK
r-oldrel-macos-arm64 0.1.15 66.00 NOTE
r-oldrel-macos-x86_64 0.1.15 83.00 NOTE
r-oldrel-windows-ix86+x86_64 0.1.15 32.00 183.00 215.00 OK

Check Details

Version: 0.1.15
Check: dependencies in R code
Result: NOTE
    Namespaces in Imports field not imported from:
     ‘MASS’ ‘boot’ ‘fds’ ‘rpart’
     All declared Imports should be used.
Flavors: r-devel-linux-x86_64-fedora-clang, r-devel-linux-x86_64-fedora-gcc, r-release-macos-arm64, r-release-macos-x86_64, r-oldrel-macos-arm64, r-oldrel-macos-x86_64