Last updated on 2022-08-16 12:53:02 CEST.
Flavor | Version | Tinstall | Tcheck | Ttotal | Status | Flags |
---|---|---|---|---|---|---|
r-devel-linux-x86_64-debian-clang | 1.1.4.4 | 116.39 | 103.99 | 220.38 | NOTE | |
r-devel-linux-x86_64-debian-gcc | 1.1.4.4 | 97.36 | 74.12 | 171.48 | NOTE | |
r-devel-linux-x86_64-fedora-clang | 1.1.4.4 | 312.39 | NOTE | |||
r-devel-linux-x86_64-fedora-gcc | 1.1.4.4 | 304.28 | NOTE | |||
r-devel-windows-x86_64 | 1.1.4.4 | 109.00 | 141.00 | 250.00 | NOTE | |
r-patched-linux-x86_64 | 1.1.4.4 | 108.17 | 93.62 | 201.79 | NOTE | |
r-release-linux-x86_64 | 1.1.4.4 | 105.16 | 94.44 | 199.60 | NOTE | |
r-release-macos-arm64 | 1.1.4.4 | 69.00 | NOTE | |||
r-release-macos-x86_64 | 1.1.4.4 | 118.00 | NOTE | |||
r-release-windows-x86_64 | 1.1.4.4 | 112.00 | 137.00 | 249.00 | NOTE | |
r-oldrel-macos-arm64 | 1.1.4.4 | 67.00 | NOTE | |||
r-oldrel-macos-x86_64 | 1.1.4.4 | 95.00 | NOTE | |||
r-oldrel-windows-ix86+x86_64 | 1.1.4.4 | 293.00 | 181.00 | 474.00 | WARN |
Version: 1.1.4.4
Check: for GNU extensions in Makefiles
Result: NOTE
GNU make is a SystemRequirements.
Flavors: r-devel-linux-x86_64-debian-clang, r-devel-linux-x86_64-debian-gcc, r-devel-linux-x86_64-fedora-clang, r-devel-linux-x86_64-fedora-gcc, r-devel-windows-x86_64, r-patched-linux-x86_64, r-release-linux-x86_64, r-release-macos-arm64, r-release-macos-x86_64, r-release-windows-x86_64, r-oldrel-macos-arm64, r-oldrel-macos-x86_64, r-oldrel-windows-ix86+x86_64
Version: 1.1.4.4
Check: installed package size
Result: NOTE
installed size is 7.0Mb
sub-directories of 1Mb or more:
libs 5.3Mb
Flavors: r-release-macos-arm64, r-release-macos-x86_64, r-oldrel-macos-arm64, r-oldrel-macos-x86_64
Version: 1.1.4.4
Check: for unstated dependencies in ‘tests’
Result: WARN
Warning: unable to access index for repository https://bioconductor.org/packages/3.14/bioc/src/contrib:
cannot open URL 'https://bioconductor.org/packages/3.14/bioc/src/contrib/PACKAGES'
Warning: unable to access index for repository https://bioconductor.org/packages/3.14/data/annotation/src/contrib:
cannot open URL 'https://bioconductor.org/packages/3.14/data/annotation/src/contrib/PACKAGES'
Warning: unable to access index for repository https://bioconductor.org/packages/3.14/data/experiment/src/contrib:
cannot open URL 'https://bioconductor.org/packages/3.14/data/experiment/src/contrib/PACKAGES'
Flavor: r-oldrel-windows-ix86+x86_64