CRAN Package Check Results for Package IPDFileCheck

Last updated on 2022-09-24 12:57:29 CEST.

Flavor Version Tinstall Tcheck Ttotal Status Flags
r-devel-linux-x86_64-debian-clang 0.7.5 16.45 171.88 188.33 OK
r-devel-linux-x86_64-debian-gcc 0.7.5 13.18 126.70 139.88 OK
r-devel-linux-x86_64-fedora-clang 0.7.5 262.91 NOTE
r-devel-linux-x86_64-fedora-gcc 0.7.5 246.43 NOTE
r-devel-windows-x86_64 0.7.5 58.00 229.00 287.00 OK
r-patched-linux-x86_64 0.7.5 14.88 158.90 173.78 OK
r-release-linux-x86_64 0.7.5 15.54 157.07 172.61 OK
r-release-macos-arm64 0.7.5 60.00 NOTE
r-release-macos-x86_64 0.7.5 117.00 NOTE
r-release-windows-x86_64 0.7.5 67.00 230.00 297.00 OK
r-oldrel-macos-arm64 0.7.5 56.00 NOTE
r-oldrel-macos-x86_64 0.7.5 82.00 NOTE
r-oldrel-windows-ix86+x86_64 0.7.5 52.00 222.00 274.00 OK

Check Details

Version: 0.7.5
Check: dependencies in R code
Result: NOTE
    Namespaces in Imports field not imported from:
     ‘gmodels’ ‘lmtest’ ‘testthat’ ‘tidyverse’ ‘zoo’
     All declared Imports should be used.
Flavors: r-devel-linux-x86_64-fedora-clang, r-devel-linux-x86_64-fedora-gcc, r-release-macos-arm64, r-release-macos-x86_64, r-oldrel-macos-arm64, r-oldrel-macos-x86_64