CRAN Package Check Results for Package IGP

Last updated on 2022-05-18 18:52:23 CEST.

Flavor Version Tinstall Tcheck Ttotal Status Flags
r-devel-linux-x86_64-debian-clang 0.2.0 22.89 88.89 111.78 OK
r-devel-linux-x86_64-debian-gcc 0.2.0 17.20 66.01 83.21 OK
r-devel-linux-x86_64-fedora-clang 0.2.0 128.22 NOTE
r-devel-linux-x86_64-fedora-gcc 0.2.0 137.24 NOTE
r-devel-windows-x86_64 0.2.0 26.00 110.00 136.00 OK
r-patched-linux-x86_64 0.2.0 24.26 82.92 107.18 OK
r-release-linux-x86_64 0.2.0 18.35 84.08 102.43 OK
r-release-macos-arm64 0.2.0 38.00 NOTE
r-release-macos-x86_64 0.2.0 50.00 NOTE
r-release-windows-x86_64 0.2.0 23.00 106.00 129.00 OK
r-oldrel-macos-arm64 0.2.0 43.00 NOTE
r-oldrel-macos-x86_64 0.2.0 70.00 NOTE
r-oldrel-windows-ix86+x86_64 0.2.0 32.00 101.00 133.00 OK

Check Details

Version: 0.2.0
Check: dependencies in R code
Result: NOTE
    Namespace in Imports field not imported from: ‘reticulate’
     All declared Imports should be used.
Flavors: r-devel-linux-x86_64-fedora-clang, r-devel-linux-x86_64-fedora-gcc, r-release-macos-arm64, r-release-macos-x86_64, r-oldrel-macos-arm64, r-oldrel-macos-x86_64