CRAN Package Check Results for Package HyperG

Last updated on 2021-10-21 12:58:03 CEST.

Flavor Version Tinstall Tcheck Ttotal Status Flags
r-devel-linux-x86_64-debian-clang 1.0.0 9.08 87.37 96.45 OK
r-devel-linux-x86_64-debian-gcc 1.0.0 8.30 67.55 75.85 OK
r-devel-linux-x86_64-fedora-clang 1.0.0 126.88 OK
r-devel-linux-x86_64-fedora-gcc 1.0.0 114.62 OK
r-devel-windows-x86_64 1.0.0 14.00 119.00 133.00 OK
r-devel-windows-x86_64-gcc10-UCRT 1.0.0 ERROR
r-patched-linux-x86_64 1.0.0 10.69 84.44 95.13 OK
r-patched-solaris-x86 1.0.0 173.20 OK
r-release-linux-x86_64 1.0.0 8.64 84.11 92.75 OK
r-release-macos-arm64 1.0.0 OK
r-release-macos-x86_64 1.0.0 OK
r-release-windows-ix86+x86_64 1.0.0 15.00 117.00 132.00 OK
r-oldrel-macos-x86_64 1.0.0 OK
r-oldrel-windows-ix86+x86_64 1.0.0 21.00 116.00 137.00 OK

Check Details

Version: 1.0.0
Check: package dependencies
Result: ERROR
    Package required but not available: 'igraph'
    
    See section 'The DESCRIPTION file' in the 'Writing R Extensions'
    manual.
Flavor: r-devel-windows-x86_64-gcc10-UCRT