CRAN Package Check Results for Package HiDimDA

Last updated on 2017-04-27 23:49:54.

Flavor Version Tinstall Tcheck Ttotal Status Flags
r-devel-linux-x86_64-debian-clang 0.2-4 2.96 28.56 31.52 NOTE
r-devel-linux-x86_64-debian-gcc 0.2-4 2.68 28.24 30.92 NOTE
r-devel-linux-x86_64-fedora-clang 0.2-4 56.52 NOTE --no-stop-on-test-error
r-devel-linux-x86_64-fedora-gcc 0.2-4 53.64 NOTE --no-stop-on-test-error
r-devel-windows-ix86+x86_64 0.2-4 13.00 88.00 101.00 OK
r-patched-linux-x86_64 0.2-4 2.49 29.11 31.60 NOTE
r-patched-solaris-sparc 0.2-4 340.00 OK
r-patched-solaris-x86 0.2-4 67.50 OK
r-release-linux-x86_64 0.2-4 2.61 30.56 33.16 NOTE
r-release-windows-ix86+x86_64 0.2-4 12.00 67.00 79.00 OK
r-release-osx-x86_64 0.2-4 OK
r-oldrel-windows-ix86+x86_64 0.2-4 18.00 57.00 75.00 OK
r-oldrel-osx-x86_64 0.2-4 OK

Check Details

Version: 0.2-4
Check: compiled code
Result: NOTE
    File ‘HiDimDA/libs/HiDimDA.so’:
     Found no calls to: ‘R_registerRoutines’, ‘R_useDynamicSymbols’
    
    It is good practice to register native routines and to disable symbol
    search.
    
    See ‘Writing portable packages’ in the ‘Writing R Extensions’ manual.
Flavors: r-devel-linux-x86_64-debian-clang, r-devel-linux-x86_64-debian-gcc, r-patched-linux-x86_64, r-release-linux-x86_64

Version: 0.2-4
Flags: --no-stop-on-test-error
Check: compiled code
Result: NOTE
    File ‘HiDimDA/libs/HiDimDA.so’:
     Found no calls to: ‘R_registerRoutines’, ‘R_useDynamicSymbols’
    
    It is good practice to register native routines and to disable symbol
    search.
    
    See ‘Writing portable packages’ in the ‘Writing R Extensions’ manual.
Flavors: r-devel-linux-x86_64-fedora-clang, r-devel-linux-x86_64-fedora-gcc