CRAN Package Check Results for Package GWSDAT

Last updated on 2022-10-03 12:53:12 CEST.

Flavor Version Tinstall Tcheck Ttotal Status Flags
r-devel-linux-x86_64-debian-clang 3.1.1 49.64 383.13 432.77 NOTE
r-devel-linux-x86_64-debian-gcc 3.1.1 41.10 279.52 320.62 NOTE
r-devel-linux-x86_64-fedora-clang 3.1.1 536.96 NOTE
r-devel-linux-x86_64-fedora-gcc 3.1.1 514.26 NOTE
r-devel-windows-x86_64 3.1.1 52.00 352.00 404.00 NOTE
r-patched-linux-x86_64 3.1.1 45.02 361.78 406.80 OK
r-release-linux-x86_64 3.1.1 49.44 364.05 413.49 OK
r-release-macos-arm64 3.1.1 93.00 OK
r-release-macos-x86_64 3.1.1 216.00 OK
r-release-windows-x86_64 3.1.1 62.00 346.00 408.00 OK
r-oldrel-macos-arm64 3.1.1 91.00 OK
r-oldrel-macos-x86_64 3.1.1 140.00 OK
r-oldrel-windows-ix86+x86_64 3.1.1 96.00 350.00 446.00 OK

Check Details

Version: 3.1.1
Check: package subdirectories
Result: NOTE
    Problems with news in 'NEWS.md':
    No news entries found.
Flavors: r-devel-linux-x86_64-debian-clang, r-devel-linux-x86_64-debian-gcc, r-devel-linux-x86_64-fedora-clang, r-devel-linux-x86_64-fedora-gcc, r-devel-windows-x86_64

Version: 3.1.1
Check: package dependencies
Result: NOTE
    Imports includes 21 non-default packages.
    Importing from so many packages makes the package vulnerable to any of
    them becoming unavailable. Move as many as possible to Suggests and
    use conditionally.
Flavor: r-devel-linux-x86_64-fedora-clang