CRAN Package Check Results for Package GGIR

Last updated on 2022-10-04 12:53:39 CEST.

Flavor Version Tinstall Tcheck Ttotal Status Flags
r-devel-linux-x86_64-debian-clang 2.8-1 35.11 238.68 273.79 OK
r-devel-linux-x86_64-debian-gcc 2.8-1 26.10 170.64 196.74 OK
r-devel-linux-x86_64-fedora-clang 2.8-1 344.91 NOTE
r-devel-linux-x86_64-fedora-gcc 2.8-1 327.48 OK
r-devel-windows-x86_64 2.8-1 39.00 284.00 323.00 NOTE
r-patched-linux-x86_64 2.8-0 33.12 222.90 256.02 OK
r-release-linux-x86_64 2.8-1 26.91 222.64 249.55 OK
r-release-macos-arm64 2.8-0 72.00 NOTE
r-release-macos-x86_64 2.8-1 121.00 NOTE
r-release-windows-x86_64 2.8-1 30.00 343.00 373.00 NOTE
r-oldrel-macos-arm64 2.8-0 75.00 NOTE
r-oldrel-macos-x86_64 2.8-1 128.00 NOTE
r-oldrel-windows-ix86+x86_64 2.8-1 44.00 297.00 341.00 NOTE

Check Details

Version: 2.8-1
Check: installed package size
Result: NOTE
     installed size is 8.1Mb
     sub-directories of 1Mb or more:
     doc 5.8Mb
Flavors: r-devel-linux-x86_64-fedora-clang, r-devel-windows-x86_64, r-release-macos-x86_64, r-release-windows-x86_64, r-oldrel-macos-x86_64, r-oldrel-windows-ix86+x86_64

Version: 2.8-0
Check: installed package size
Result: NOTE
     installed size is 8.0Mb
     sub-directories of 1Mb or more:
     doc 5.7Mb
Flavors: r-release-macos-arm64, r-oldrel-macos-arm64