Last updated on 2022-08-09 12:53:26 CEST.
Flavor | Version | Tinstall | Tcheck | Ttotal | Status | Flags |
---|---|---|---|---|---|---|
r-devel-linux-x86_64-debian-clang | 0.3.4 | 431.08 | 95.18 | 526.26 | OK | |
r-devel-linux-x86_64-debian-gcc | 0.3.4 | 353.42 | 68.36 | 421.78 | OK | |
r-devel-linux-x86_64-fedora-clang | 0.3.4 | 836.26 | NOTE | |||
r-devel-linux-x86_64-fedora-gcc | 0.3.4 | 739.73 | OK | |||
r-devel-windows-x86_64 | 0.3.4 | 360.00 | 137.00 | 497.00 | OK | |
r-patched-linux-x86_64 | 0.3.4 | 382.78 | 90.64 | 473.42 | OK | |
r-release-linux-x86_64 | 0.3.4 | OK | ||||
r-release-macos-arm64 | 0.3.4 | 145.00 | NOTE | |||
r-release-macos-x86_64 | 0.3.4 | 191.00 | NOTE | |||
r-release-windows-x86_64 | 0.3.4 | 358.00 | 138.00 | 496.00 | OK | |
r-oldrel-macos-arm64 | 0.3.4 | 121.00 | NOTE | |||
r-oldrel-macos-x86_64 | 0.3.4 | 193.00 | NOTE | |||
r-oldrel-windows-ix86+x86_64 | 0.3.4 | 1133.00 | 181.00 | 1314.00 | NOTE |
Version: 0.3.4
Check: installed package size
Result: NOTE
installed size is 9.2Mb
sub-directories of 1Mb or more:
data 1.4Mb
libs 7.1Mb
Flavors: r-devel-linux-x86_64-fedora-clang, r-release-macos-arm64, r-release-macos-x86_64, r-oldrel-macos-arm64, r-oldrel-macos-x86_64, r-oldrel-windows-ix86+x86_64