CRAN Package Check Results for Package FrF2

Last updated on 2021-10-22 12:59:14 CEST.

Flavor Version Tinstall Tcheck Ttotal Status Flags
r-devel-linux-x86_64-debian-clang 2.2-2 16.67 155.94 172.61 NOTE
r-devel-linux-x86_64-debian-gcc 2.2-2 14.81 112.43 127.24 NOTE
r-devel-linux-x86_64-fedora-clang 2.2-2 231.19 NOTE
r-devel-linux-x86_64-fedora-gcc 2.2-2 210.75 NOTE
r-devel-windows-x86_64 2.2-2 25.00 187.00 212.00 NOTE
r-devel-windows-x86_64-gcc10-UCRT 2.2-2 ERROR
r-patched-linux-x86_64 2.2-2 20.95 149.70 170.65 NOTE
r-patched-solaris-x86 2.2-2 248.80 NOTE
r-release-linux-x86_64 2.2-2 15.53 148.59 164.12 NOTE
r-release-macos-arm64 2.2-2 NOTE
r-release-macos-x86_64 2.2-2 NOTE
r-release-windows-ix86+x86_64 2.2-2 21.00 189.00 210.00 NOTE
r-oldrel-macos-x86_64 2.2-2 OK
r-oldrel-windows-ix86+x86_64 2.2-2 28.00 181.00 209.00 OK

Check Details

Version: 2.2-2
Check: LazyData
Result: NOTE
     'LazyData' is specified without a 'data' directory
Flavors: r-devel-linux-x86_64-debian-clang, r-devel-linux-x86_64-debian-gcc, r-devel-linux-x86_64-fedora-clang, r-devel-linux-x86_64-fedora-gcc, r-devel-windows-x86_64, r-patched-linux-x86_64, r-patched-solaris-x86, r-release-linux-x86_64, r-release-macos-arm64, r-release-macos-x86_64, r-release-windows-ix86+x86_64

Version: 2.2-2
Check: Rd cross-references
Result: NOTE
    Undeclared package ‘DoE.wrapper’ in Rd xrefs
Flavor: r-devel-linux-x86_64-fedora-clang

Version: 2.2-2
Check: package dependencies
Result: ERROR
    Package required but not available: 'igraph'
    
    Package suggested but not available for checking: 'FrF2.catlg128'
    
    See section 'The DESCRIPTION file' in the 'Writing R Extensions'
    manual.
Flavor: r-devel-windows-x86_64-gcc10-UCRT