CRAN Package Check Results for Package EventStudy

Last updated on 2022-08-06 12:57:20 CEST.

Flavor Version Tinstall Tcheck Ttotal Status Flags
r-devel-linux-x86_64-debian-clang 0.37 15.42 98.50 113.92 NOTE
r-devel-linux-x86_64-debian-gcc 0.37 12.43 73.17 85.60 NOTE
r-devel-linux-x86_64-fedora-clang 0.37 152.74 NOTE
r-devel-linux-x86_64-fedora-gcc 0.37 139.24 NOTE
r-devel-windows-x86_64 0.37 44.00 127.00 171.00 NOTE
r-patched-linux-x86_64 0.37 17.57 92.34 109.91 OK
r-release-linux-x86_64 0.37 14.49 92.04 106.53 OK
r-release-macos-arm64 0.37 45.00 NOTE
r-release-macos-x86_64 0.37 69.00 NOTE
r-release-windows-x86_64 0.37 58.00 132.00 190.00 NOTE
r-oldrel-macos-arm64 0.37 41.00 NOTE
r-oldrel-macos-x86_64 0.37 57.00 NOTE
r-oldrel-windows-ix86+x86_64 0.37 35.00 125.00 160.00 NOTE

Check Details

Version: 0.37
Check: HTML version of manual
Result: NOTE
    Found the following HTML validation problems:
    ARCApplicationInput.html:119:6: Warning: missing </span> before <p>
    ARCApplicationInput.html:119:113: Warning: inserting implicit <span>
    ARCApplicationInput.html:122:6: Warning: missing </span> before <p>
    ARCApplicationInput.html:122:119: Warning: inserting implicit <span>
    ARCApplicationInput.html:125:6: Warning: missing </span> before <p>
    ARCApplicationInput.html:125:116: Warning: inserting implicit <span>
    ARCApplicationInput.html:128:6: Warning: missing </span> before <p>
    ARCApplicationInput.html:128:121: Warning: inserting implicit <span>
    ARCApplicationInput.html:131:6: Warning: missing </span> before <p>
    ARCApplicationInput.html:131:110: Warning: inserting implicit <span>
    ARCApplicationInput.html:119:6: Warning: trimming empty <span>
    ARCApplicationInput.html:122:6: Warning: trimming empty <span>
    ARCApplicationInput.html:125:6: Warning: trimming empty <span>
    ARCApplicationInput.html:128:6: Warning: trimming empty <span>
    ARCApplicationInput.html:131:6: Warning: trimming empty <span>
    AVCApplicationInput.html:125:6: Warning: missing </span> before <p>
    AVCApplicationInput.html:125:113: Warning: inserting implicit <span>
    AVCApplicationInput.html:128:6: Warning: missing </span> before <p>
    AVCApplicationInput.html:128:119: Warning: inserting implicit <span>
    AVCApplicationInput.html:131:6: Warning: missing </span> before <p>
    AVCApplicationInput.html:131:116: Warning: inserting implicit <span>
    AVCApplicationInput.html:134:6: Warning: missing </span> before <p>
    AVCApplicationInput.html:134:121: Warning: inserting implicit <span>
    AVCApplicationInput.html:137:6: Warning: missing </span> before <p>
    AVCApplicationInput.html:137:110: Warning: inserting implicit <span>
    AVCApplicationInput.html:125:6: Warning: trimming empty <span>
    AVCApplicationInput.html:128:6: Warning: trimming empty <span>
    AVCApplicationInput.html:131:6: Warning: trimming empty <span>
    AVCApplicationInput.html:134:6: Warning: trimming empty <span>
    AVCApplicationInput.html:137:6: Warning: trimming empty <span>
    AVyCApplicationInput.html:126:6: Warning: missing </span> before <p>
    AVyCApplicationInput.html:126:113: Warning: inserting implicit <span>
    AVyCApplicationInput.html:129:6: Warning: missing </span> before <p>
    AVyCApplicationInput.html:129:119: Warning: inserting implicit <span>
    AVyCApplicationInput.html:132:6: Warning: missing </span> before <p>
    AVyCApplicationInput.html:132:116: Warning: inserting implicit <span>
    AVyCApplicationInput.html:135:6: Warning: missing </span> before <p>
    AVyCApplicationInput.html:135:121: Warning: inserting implicit <span>
    AVyCApplicationInput.html:138:6: Warning: missing </span> before <p>
    AVyCApplicationInput.html:138:110: Warning: inserting implicit <span>
    AVyCApplicationInput.html:126:6: Warning: trimming empty <span>
    AVyCApplicationInput.html:129:6: Warning: trimming empty <span>
    AVyCApplicationInput.html:132:6: Warning: trimming empty <span>
    AVyCApplicationInput.html:135:6: Warning: trimming empty <span>
    AVyCApplicationInput.html:138:6: Warning: trimming empty <span>
    EventStudyApplicationInput.html:74:6: Warning: missing </span> before <p>
    EventStudyApplicationInput.html:74:113: Warning: inserting implicit <span>
    EventStudyApplicationInput.html:77:6: Warning: missing </span> before <p>
    EventStudyApplicationInput.html:77:119: Warning: inserting implicit <span>
    EventStudyApplicationInput.html:80:6: Warning: missing </span> before <p>
    EventStudyApplicationInput.html:80:116: Warning: inserting implicit <span>
    EventStudyApplicationInput.html:83:6: Warning: missing </span> before <p>
    EventStudyApplicationInput.html:83:121: Warning: inserting implicit <span>
    EventStudyApplicationInput.html:74:6: Warning: trimming empty <span>
    EventStudyApplicationInput.html:77:6: Warning: trimming empty <span>
    EventStudyApplicationInput.html:80:6: Warning: trimming empty <span>
    EventStudyApplicationInput.html:83:6: Warning: trimming empty <span>
Flavors: r-devel-linux-x86_64-debian-clang, r-devel-linux-x86_64-debian-gcc

Version: 0.37
Check: installed package size
Result: NOTE
     installed size is 6.7Mb
     sub-directories of 1Mb or more:
     doc 5.8Mb
Flavors: r-devel-linux-x86_64-fedora-clang, r-devel-windows-x86_64, r-release-macos-arm64, r-release-macos-x86_64, r-release-windows-x86_64, r-oldrel-macos-arm64, r-oldrel-macos-x86_64, r-oldrel-windows-ix86+x86_64

Version: 0.37
Check: dependencies in R code
Result: NOTE
    Namespaces in Imports field not imported from:
     ‘curl’ ‘openxlsx’ ‘stringr’
     All declared Imports should be used.
Flavors: r-devel-linux-x86_64-fedora-clang, r-devel-linux-x86_64-fedora-gcc, r-release-macos-arm64, r-release-macos-x86_64, r-oldrel-macos-arm64, r-oldrel-macos-x86_64

Version: 0.37
Check: Rd cross-references
Result: NOTE
    Undeclared package ‘R6’ in Rd xrefs
Flavor: r-devel-linux-x86_64-fedora-clang