CRAN Package Check Results for Package EstCRM

Last updated on 2022-09-25 12:55:56 CEST.

Flavor Version Tinstall Tcheck Ttotal Status Flags
r-devel-linux-x86_64-debian-clang 1.6 13.40 117.15 130.55 OK
r-devel-linux-x86_64-debian-gcc 1.6 11.41 85.74 97.15 OK
r-devel-linux-x86_64-fedora-clang 1.6 165.69 OK
r-devel-linux-x86_64-fedora-gcc 1.6 161.54 OK
r-devel-windows-x86_64 1.5 17.00 133.00 150.00 NOTE
r-patched-linux-x86_64 1.6 11.08 108.19 119.27 OK
r-release-linux-x86_64 1.6 9.51 108.00 117.51 OK
r-release-macos-arm64 1.6 54.00 OK
r-release-macos-x86_64 1.6 63.00 OK
r-release-windows-x86_64 1.6 17.00 140.00 157.00 OK
r-oldrel-macos-arm64 1.6 45.00 OK
r-oldrel-macos-x86_64 1.6 66.00 OK
r-oldrel-windows-ix86+x86_64 1.6 33.00 134.00 167.00 OK

Check Details

Version: 1.5
Check: HTML version of manual
Result: NOTE
    Found the following math rendering problems:
    EstCRMitem.Rd:54-56: Undefined control sequence: \emph in
     \emph{f}(z_{ij}|\the...
Flavor: r-devel-windows-x86_64