CRAN Package Check Results for Package EpiNow2

Last updated on 2022-08-06 12:57:20 CEST.

Flavor Version Tinstall Tcheck Ttotal Status Flags
r-devel-linux-x86_64-debian-clang 1.3.2 952.81 1043.65 1996.46 NOTE
r-devel-linux-x86_64-debian-gcc 1.3.2 901.89 723.58 1625.47 NOTE
r-devel-linux-x86_64-fedora-clang 1.3.2 2634.09 NOTE
r-devel-linux-x86_64-fedora-gcc 1.3.2 2717.06 NOTE
r-devel-windows-x86_64 1.3.2 742.00 1114.00 1856.00 NOTE
r-patched-linux-x86_64 1.3.2 678.39 967.39 1645.78 NOTE
r-release-linux-x86_64 1.3.2 690.39 968.38 1658.77 NOTE
r-release-macos-arm64 1.3.2 409.00 NOTE
r-release-macos-x86_64 1.3.2 1086.00 NOTE
r-release-windows-x86_64 1.3.2 698.00 1119.00 1817.00 NOTE
r-oldrel-macos-arm64 1.3.2 434.00 NOTE
r-oldrel-macos-x86_64 1.3.2 654.00 NOTE
r-oldrel-windows-ix86+x86_64 1.3.2 2155.00 0.00 2155.00 FAIL

Additional issues

donttest

Check Details

Version: 1.3.2
Check: package dependencies
Result: NOTE
    Package suggested but not available for checking: 'EpiSoon'
Flavors: r-devel-linux-x86_64-debian-clang, r-devel-linux-x86_64-debian-gcc, r-devel-linux-x86_64-fedora-clang, r-devel-linux-x86_64-fedora-gcc, r-devel-windows-x86_64, r-patched-linux-x86_64, r-release-linux-x86_64, r-release-macos-arm64, r-release-macos-x86_64, r-release-windows-x86_64, r-oldrel-macos-arm64, r-oldrel-macos-x86_64, r-oldrel-windows-ix86+x86_64

Version: 1.3.2
Check: installed package size
Result: NOTE
     installed size is 99.1Mb
     sub-directories of 1Mb or more:
     libs 97.3Mb
Flavors: r-devel-linux-x86_64-fedora-clang, r-devel-windows-x86_64, r-release-macos-arm64, r-release-macos-x86_64, r-release-windows-x86_64, r-oldrel-macos-arm64, r-oldrel-macos-x86_64, r-oldrel-windows-ix86+x86_64

Version: 1.3.2
Check: running examples for arch ‘x64’
Result: FAIL
    Check process probably crashed or hung up for 20 minutes ... killed
    Most likely this happened in the example checks (?),
    if not, ignore the following last lines of example output:
    
    ======== End of example output (where/before crash/hang up occured ?) ========
Flavor: r-oldrel-windows-ix86+x86_64