CRAN Package Check Results for Package EdSurvey

Last updated on 2022-10-02 12:55:52 CEST.

Flavor Version Tinstall Tcheck Ttotal Status Flags
r-devel-linux-x86_64-debian-clang 3.0.0 65.33 545.25 610.58 OK
r-devel-linux-x86_64-debian-gcc 3.0.0 45.89 728.62 774.51 OK
r-devel-linux-x86_64-fedora-clang 3.0.0 721.16 OK
r-devel-linux-x86_64-fedora-gcc 3.0.0 711.74 OK
r-devel-windows-x86_64 3.0.0 204.00 543.00 747.00 OK
r-patched-linux-x86_64 3.0.0 54.34 532.14 586.48 OK
r-release-linux-x86_64 3.0.0 49.97 531.67 581.64 OK
r-release-macos-arm64 3.0.0 120.00 ERROR
r-release-macos-x86_64 3.0.0 223.00 OK
r-release-windows-x86_64 3.0.0 189.00 546.00 735.00 OK
r-oldrel-macos-arm64 3.0.0 118.00 ERROR
r-oldrel-macos-x86_64 3.0.0 223.00 OK
r-oldrel-windows-ix86+x86_64 3.0.0 100.00 523.00 623.00 OK

Additional issues

M1mac noLD

Check Details

Version: 3.0.0
Check: tests
Result: ERROR
     Running ‘testthat_tests.R’ [32s/32s]
    Running the tests in ‘tests/testthat_tests.R’ failed.
    Last 13 lines of output:
     [ FAIL 1 | WARN 0 | SKIP 42 | PASS 177 ]
    
     ══ Skipped tests ═══════════════════════════════════════════════════════════════════════════════════════════════════════════════════════════════════════════════════════════════════════════════════════════════════════════════════════════════════════════════════════════════════════════════════════════════════════════════════════════════════════════════════════════════════════════════════════════════════════════════════════════════════════════════════════════════════════════════════════════════════
     • On CRAN (42)
    
     ══ Failed tests ════════════════════════════════════════════════════════════════════════════════════════════════════════════════════════════════════════════════════════════════════════════════════════════════════════════════════════════════════════════════════════════════════════════════════════════════════════════════════════════════════════════════════════════════════════════════════════════════════════════════════════════════════════════════════════════════════════════════════════════════════
     ── Failure (test-10-main.R:1031:3): mml.sdf ────────────────────────────────────
     `coSum` not equal to `mmlSumREF`.
     1/21 mismatches
     x[18]: "Iterations = 49"
     y[18]: "Iterations = 11"
    
     [ FAIL 1 | WARN 0 | SKIP 42 | PASS 177 ]
     Error: Test failures
     Execution halted
Flavors: r-release-macos-arm64, r-oldrel-macos-arm64